{"id":44145,"date":"2025-06-18T17:36:02","date_gmt":"2025-06-18T20:36:02","guid":{"rendered":"https:\/\/memoriaferroviaria.assis.unesp.br\/colecoes\/?post_type=tnc_col_91_item&#038;p=44145"},"modified":"2025-06-19T15:49:02","modified_gmt":"2025-06-19T18:49:02","slug":"carta-geral-do-estado-de-sao-paulo-com-indicacoes-sobre-a-agricultura-o-commercio-a-instrucao-publica-a-industria-e-a-colonizacao-edicao-preliminar","status":"publish","type":"tnc_col_91_item","link":"https:\/\/memoriaferroviaria.assis.unesp.br\/colecoes\/colecao-cartografica\/carta-geral-do-estado-de-sao-paulo-com-indicacoes-sobre-a-agricultura-o-commercio-a-instrucao-publica-a-industria-e-a-colonizacao-edicao-preliminar\/","title":{"rendered":"Carta Geral do Estado de S\u00e3o Paulo com indica\u00e7\u00f5es sobre a Agricultura, o Commercio, a Instru\u00e7\u00e3o p\u00fablica, a Ind\u00fastria e a Coloniza\u00e7\u00e3o (edi\u00e7\u00e3o preliminar)"},"content":{"rendered":"","protected":false},"featured_media":45044,"parent":0,"menu_order":0,"comment_status":"closed","ping_status":"closed","template":"","format":"standard","class_list":["post-44145","tnc_col_91_item","type-tnc_col_91_item","status-publish","format-standard","has-post-thumbnail","hentry","tnc_tax_26723-sao-paulo","tnc_tax_23229-cardoso-joao-pedro","tnc_tax_23208-eletromemoria","tnc_tax_22577-agricultura","tnc_tax_22577-br-sao-paulo","tnc_tax_22577-colonizacao","tnc_tax_22577-comercio","tnc_tax_22577-educacao","tnc_tax_22577-estrada-de-ferro","tnc_tax_22577-hidrografia","tnc_tax_22577-industria","tnc_tax_22577-primeira-republica"],"_links":{"self":[{"href":"https:\/\/memoriaferroviaria.assis.unesp.br\/colecoes\/wp-json\/wp\/v2\/tnc_col_91_item\/44145","targetHints":{"allow":["GET"]}}],"collection":[{"href":"https:\/\/memoriaferroviaria.assis.unesp.br\/colecoes\/wp-json\/wp\/v2\/tnc_col_91_item"}],"about":[{"href":"https:\/\/memoriaferroviaria.assis.unesp.br\/colecoes\/wp-json\/wp\/v2\/types\/tnc_col_91_item"}],"replies":[{"embeddable":true,"href":"https:\/\/memoriaferroviaria.assis.unesp.br\/colecoes\/wp-json\/wp\/v2\/comments?post=44145"}],"version-history":[{"count":1,"href":"https:\/\/memoriaferroviaria.assis.unesp.br\/colecoes\/wp-json\/wp\/v2\/tnc_col_91_item\/44145\/revisions"}],"predecessor-version":[{"id":45045,"href":"https:\/\/memoriaferroviaria.assis.unesp.br\/colecoes\/wp-json\/wp\/v2\/tnc_col_91_item\/44145\/revisions\/45045"}],"wp:featuredmedia":[{"embeddable":true,"href":"https:\/\/memoriaferroviaria.assis.unesp.br\/colecoes\/wp-json\/wp\/v2\/media\/45044"}],"wp:attachment":[{"href":"https:\/\/memoriaferroviaria.assis.unesp.br\/colecoes\/wp-json\/wp\/v2\/media?parent=44145"}],"curies":[{"name":"wp","href":"https:\/\/api.w.org\/{rel}","templated":true}]}}

Carta Geral do Estado de São Paulo com indicações sobre a Agricultura, o Commercio, a Instrução pública, a Indústria e a Colonização (edição preliminar)
