{"id":44185,"date":"2025-06-18T17:53:46","date_gmt":"2025-06-18T20:53:46","guid":{"rendered":"https:\/\/memoriaferroviaria.assis.unesp.br\/colecoes\/?post_type=tnc_col_91_item&#038;p=44185"},"modified":"2025-06-18T17:53:57","modified_gmt":"2025-06-18T20:53:57","slug":"distrito-de-santa-lucia-municipio-e-comarca-de-araraquara","status":"publish","type":"tnc_col_91_item","link":"https:\/\/memoriaferroviaria.assis.unesp.br\/colecoes\/colecao-cartografica\/distrito-de-santa-lucia-municipio-e-comarca-de-araraquara\/","title":{"rendered":"Distrito de Santa Lucia Munic\u00edpio e Comarca de Araraquara"},"content":{"rendered":"<p>Secretaria de Via\u00e7\u00e3o e Obras P\u00fablicas. Departamento de Obras Sanit\u00e1rias. Divis\u00e3o de Saneamento Rural.<\/p>\n","protected":false},"featured_media":44186,"parent":0,"menu_order":0,"comment_status":"closed","ping_status":"closed","template":"","format":"standard","class_list":["post-44185","tnc_col_91_item","type-tnc_col_91_item","status-publish","format-standard","has-post-thumbnail","hentry","tnc_tax_26723-araraquara-sp-brasil","tnc_tax_23208-arquivo-publico-do-estado-de-sao-paulo","tnc_tax_22577-centro-urbano","tnc_tax_22577-cidade","tnc_tax_22577-edificacoes","tnc_tax_22577-estrada-de-ferro-araraquara","tnc_tax_22577-governo-vargas","tnc_tax_22577-topografia"],"_links":{"self":[{"href":"https:\/\/memoriaferroviaria.assis.unesp.br\/colecoes\/wp-json\/wp\/v2\/tnc_col_91_item\/44185","targetHints":{"allow":["GET"]}}],"collection":[{"href":"https:\/\/memoriaferroviaria.assis.unesp.br\/colecoes\/wp-json\/wp\/v2\/tnc_col_91_item"}],"about":[{"href":"https:\/\/memoriaferroviaria.assis.unesp.br\/colecoes\/wp-json\/wp\/v2\/types\/tnc_col_91_item"}],"replies":[{"embeddable":true,"href":"https:\/\/memoriaferroviaria.assis.unesp.br\/colecoes\/wp-json\/wp\/v2\/comments?post=44185"}],"version-history":[{"count":0,"href":"https:\/\/memoriaferroviaria.assis.unesp.br\/colecoes\/wp-json\/wp\/v2\/tnc_col_91_item\/44185\/revisions"}],"wp:featuredmedia":[{"embeddable":true,"href":"https:\/\/memoriaferroviaria.assis.unesp.br\/colecoes\/wp-json\/wp\/v2\/media\/44186"}],"wp:attachment":[{"href":"https:\/\/memoriaferroviaria.assis.unesp.br\/colecoes\/wp-json\/wp\/v2\/media?parent=44185"}],"curies":[{"name":"wp","href":"https:\/\/api.w.org\/{rel}","templated":true}]}}

Distrito de Santa Lucia Município e Comarca de Araraquara

<p>Secretaria de Viação e Obras Públicas. Departamento de Obras Sanitárias. Divisão de Saneamento Rural.</p>
