{"id":44192,"date":"2025-06-18T17:54:36","date_gmt":"2025-06-18T20:54:36","guid":{"rendered":"https:\/\/memoriaferroviaria.assis.unesp.br\/colecoes\/?post_type=tnc_col_91_item&#038;p=44192"},"modified":"2025-06-19T16:09:08","modified_gmt":"2025-06-19T19:09:08","slug":"esta-he-a-carta-verdadeira-da-revolucao-q-houve-no-estado-de-sao-paulo-no-ano-de-mcmxxxii","status":"publish","type":"tnc_col_91_item","link":"https:\/\/memoriaferroviaria.assis.unesp.br\/colecoes\/colecao-cartografica\/esta-he-a-carta-verdadeira-da-revolucao-q-houve-no-estado-de-sao-paulo-no-ano-de-mcmxxxii\/","title":{"rendered":"Esta he a carta verdadeira da revolu\u00e7\u00e3o q houve no Estado de S\u00e3o Paulo no ano de MCMXXXII"},"content":{"rendered":"<p>48,5 x 68,4<\/p>\n","protected":false},"featured_media":45085,"parent":0,"menu_order":0,"comment_status":"closed","ping_status":"closed","template":"","format":"standard","class_list":["post-44192","tnc_col_91_item","type-tnc_col_91_item","status-publish","format-standard","has-post-thumbnail","hentry","tnc_tax_26723-sao-paulo","tnc_tax_23229-rodrigues-j-wasth-jose-wasth","tnc_tax_23208-biblioteca-digital-luso-brasileira","tnc_tax_22577-br-sao-paulo","tnc_tax_22577-governo-vargas","tnc_tax_22577-hidrografia","tnc_tax_22577-revolucao-constitucionalista"],"_links":{"self":[{"href":"https:\/\/memoriaferroviaria.assis.unesp.br\/colecoes\/wp-json\/wp\/v2\/tnc_col_91_item\/44192","targetHints":{"allow":["GET"]}}],"collection":[{"href":"https:\/\/memoriaferroviaria.assis.unesp.br\/colecoes\/wp-json\/wp\/v2\/tnc_col_91_item"}],"about":[{"href":"https:\/\/memoriaferroviaria.assis.unesp.br\/colecoes\/wp-json\/wp\/v2\/types\/tnc_col_91_item"}],"replies":[{"embeddable":true,"href":"https:\/\/memoriaferroviaria.assis.unesp.br\/colecoes\/wp-json\/wp\/v2\/comments?post=44192"}],"version-history":[{"count":1,"href":"https:\/\/memoriaferroviaria.assis.unesp.br\/colecoes\/wp-json\/wp\/v2\/tnc_col_91_item\/44192\/revisions"}],"predecessor-version":[{"id":45087,"href":"https:\/\/memoriaferroviaria.assis.unesp.br\/colecoes\/wp-json\/wp\/v2\/tnc_col_91_item\/44192\/revisions\/45087"}],"wp:featuredmedia":[{"embeddable":true,"href":"https:\/\/memoriaferroviaria.assis.unesp.br\/colecoes\/wp-json\/wp\/v2\/media\/45085"}],"wp:attachment":[{"href":"https:\/\/memoriaferroviaria.assis.unesp.br\/colecoes\/wp-json\/wp\/v2\/media?parent=44192"}],"curies":[{"name":"wp","href":"https:\/\/api.w.org\/{rel}","templated":true}]}}

Esta he a carta verdadeira da revolução q houve no Estado de São Paulo no ano de MCMXXXII
