{"id":44231,"date":"2025-06-18T17:54:57","date_gmt":"2025-06-18T20:54:57","guid":{"rendered":"https:\/\/memoriaferroviaria.assis.unesp.br\/colecoes\/?post_type=tnc_col_91_item&#038;p=44231"},"modified":"2025-06-21T13:27:39","modified_gmt":"2025-06-21T16:27:39","slug":"estrategia-de-qualificacao-e-zoneamento-ambiental-de-araraquara","status":"publish","type":"tnc_col_91_item","link":"https:\/\/memoriaferroviaria.assis.unesp.br\/colecoes\/colecao-cartografica\/estrategia-de-qualificacao-e-zoneamento-ambiental-de-araraquara\/","title":{"rendered":"Estrat\u00e9gia de qualifica\u00e7\u00e3o e zoneamento ambiental de Araraquara"},"content":{"rendered":"","protected":false},"featured_media":45142,"parent":0,"menu_order":0,"comment_status":"closed","ping_status":"closed","template":"","format":"standard","class_list":["post-44231","tnc_col_91_item","type-tnc_col_91_item","status-publish","format-standard","has-post-thumbnail","hentry","tnc_tax_26723-araraquara-sp-brasil","tnc_tax_23229-prefeitura-do-municipio-de-araraquara","tnc_tax_22871-planta-urbana","tnc_tax_22577-ferrovia","tnc_tax_22577-gestao-publica","tnc_tax_22577-hidrografia","tnc_tax_22577-planejamento-urbano","tnc_tax_22577-rodovia","tnc_tax_22577-urbano"],"_links":{"self":[{"href":"https:\/\/memoriaferroviaria.assis.unesp.br\/colecoes\/wp-json\/wp\/v2\/tnc_col_91_item\/44231","targetHints":{"allow":["GET"]}}],"collection":[{"href":"https:\/\/memoriaferroviaria.assis.unesp.br\/colecoes\/wp-json\/wp\/v2\/tnc_col_91_item"}],"about":[{"href":"https:\/\/memoriaferroviaria.assis.unesp.br\/colecoes\/wp-json\/wp\/v2\/types\/tnc_col_91_item"}],"replies":[{"embeddable":true,"href":"https:\/\/memoriaferroviaria.assis.unesp.br\/colecoes\/wp-json\/wp\/v2\/comments?post=44231"}],"version-history":[{"count":1,"href":"https:\/\/memoriaferroviaria.assis.unesp.br\/colecoes\/wp-json\/wp\/v2\/tnc_col_91_item\/44231\/revisions"}],"predecessor-version":[{"id":45143,"href":"https:\/\/memoriaferroviaria.assis.unesp.br\/colecoes\/wp-json\/wp\/v2\/tnc_col_91_item\/44231\/revisions\/45143"}],"wp:featuredmedia":[{"embeddable":true,"href":"https:\/\/memoriaferroviaria.assis.unesp.br\/colecoes\/wp-json\/wp\/v2\/media\/45142"}],"wp:attachment":[{"href":"https:\/\/memoriaferroviaria.assis.unesp.br\/colecoes\/wp-json\/wp\/v2\/media?parent=44231"}],"curies":[{"name":"wp","href":"https:\/\/api.w.org\/{rel}","templated":true}]}}

Estratégia de qualificação e zoneamento ambiental de Araraquara
