{"id":44234,"date":"2025-06-18T17:54:59","date_gmt":"2025-06-18T20:54:59","guid":{"rendered":"https:\/\/memoriaferroviaria.assis.unesp.br\/colecoes\/?post_type=tnc_col_91_item&#038;p=44234"},"modified":"2025-06-21T13:34:28","modified_gmt":"2025-06-21T16:34:28","slug":"folha-de-atibaia-mapa-da-comissao-geografica-e-geologica-do-estado-de-sao-paulo","status":"publish","type":"tnc_col_91_item","link":"https:\/\/memoriaferroviaria.assis.unesp.br\/colecoes\/colecao-cartografica\/folha-de-atibaia-mapa-da-comissao-geografica-e-geologica-do-estado-de-sao-paulo\/","title":{"rendered":"Folha de Atibaia &#8211; Mapa da Comiss\u00e3o Geogr\u00e1fica e Geol\u00f3gica do Estado de S\u00e3o Paulo"},"content":{"rendered":"","protected":false},"featured_media":45145,"parent":0,"menu_order":0,"comment_status":"closed","ping_status":"closed","template":"","format":"standard","class_list":["post-44234","tnc_col_91_item","type-tnc_col_91_item","status-publish","format-standard","has-post-thumbnail","hentry","tnc_tax_26723-sao-paulo","tnc_tax_23229-sampaio-teodoro-fernandes","tnc_tax_23229-williams-horacio-e","tnc_tax_23208-museu-paulista","tnc_tax_22577-cartografia","tnc_tax_22577-comissao-geografica-e-geologica-de-sao-paulo","tnc_tax_22577-estacao-ferroviaria","tnc_tax_22577-estrada-de-ferro","tnc_tax_22577-estrada-de-ferro-de-braganca","tnc_tax_22577-hidrografia","tnc_tax_22577-mapa-topografico","tnc_tax_22577-primeira-republica","tnc_tax_22577-rio-tiete","tnc_tax_22577-sp-atibaia","tnc_tax_22577-sp-guarulhos","tnc_tax_22577-sp-nazare-paulista","tnc_tax_22577-sp-piracaia","tnc_tax_22577-sp-santa-isabel","tnc_tax_22577-topografia"],"_links":{"self":[{"href":"https:\/\/memoriaferroviaria.assis.unesp.br\/colecoes\/wp-json\/wp\/v2\/tnc_col_91_item\/44234","targetHints":{"allow":["GET"]}}],"collection":[{"href":"https:\/\/memoriaferroviaria.assis.unesp.br\/colecoes\/wp-json\/wp\/v2\/tnc_col_91_item"}],"about":[{"href":"https:\/\/memoriaferroviaria.assis.unesp.br\/colecoes\/wp-json\/wp\/v2\/types\/tnc_col_91_item"}],"replies":[{"embeddable":true,"href":"https:\/\/memoriaferroviaria.assis.unesp.br\/colecoes\/wp-json\/wp\/v2\/comments?post=44234"}],"version-history":[{"count":1,"href":"https:\/\/memoriaferroviaria.assis.unesp.br\/colecoes\/wp-json\/wp\/v2\/tnc_col_91_item\/44234\/revisions"}],"predecessor-version":[{"id":45157,"href":"https:\/\/memoriaferroviaria.assis.unesp.br\/colecoes\/wp-json\/wp\/v2\/tnc_col_91_item\/44234\/revisions\/45157"}],"wp:featuredmedia":[{"embeddable":true,"href":"https:\/\/memoriaferroviaria.assis.unesp.br\/colecoes\/wp-json\/wp\/v2\/media\/45145"}],"wp:attachment":[{"href":"https:\/\/memoriaferroviaria.assis.unesp.br\/colecoes\/wp-json\/wp\/v2\/media?parent=44234"}],"curies":[{"name":"wp","href":"https:\/\/api.w.org\/{rel}","templated":true}]}}

Folha de Atibaia &#8211; Mapa da Comissão Geográfica e Geológica do Estado de São Paulo
