{"id":44236,"date":"2025-06-18T17:55:00","date_gmt":"2025-06-18T20:55:00","guid":{"rendered":"https:\/\/memoriaferroviaria.assis.unesp.br\/colecoes\/?post_type=tnc_col_91_item&#038;p=44236"},"modified":"2025-06-21T13:34:33","modified_gmt":"2025-06-21T16:34:33","slug":"folha-de-braganca-mapa-da-comissao-geografica-e-geologica-do-estado-de-sao-paulo","status":"publish","type":"tnc_col_91_item","link":"https:\/\/memoriaferroviaria.assis.unesp.br\/colecoes\/colecao-cartografica\/folha-de-braganca-mapa-da-comissao-geografica-e-geologica-do-estado-de-sao-paulo\/","title":{"rendered":"Folha de Bragan\u00e7a &#8211; Mapa da Comiss\u00e3o Geogr\u00e1fica e Geol\u00f3gica do Estado de S\u00e3o Paulo"},"content":{"rendered":"","protected":false},"featured_media":45147,"parent":0,"menu_order":0,"comment_status":"closed","ping_status":"closed","template":"","format":"standard","class_list":["post-44236","tnc_col_91_item","type-tnc_col_91_item","status-publish","format-standard","has-post-thumbnail","hentry","tnc_tax_26723-sao-paulo","tnc_tax_23229-gentil-de-assis-moura","tnc_tax_23229-horacio-e-williams","tnc_tax_23208-museu-paulista","tnc_tax_22577-cartografia","tnc_tax_22577-comissao-geografica-e-geologica-de-sao-paulo","tnc_tax_22577-estrada-de-ferro-de-braganca","tnc_tax_22577-hidrografia","tnc_tax_22577-mapa-topografico","tnc_tax_22577-primeira-republica","tnc_tax_22577-sp-bocaina","tnc_tax_22577-sp-monte-alegre","tnc_tax_22577-sp-socorro"],"_links":{"self":[{"href":"https:\/\/memoriaferroviaria.assis.unesp.br\/colecoes\/wp-json\/wp\/v2\/tnc_col_91_item\/44236","targetHints":{"allow":["GET"]}}],"collection":[{"href":"https:\/\/memoriaferroviaria.assis.unesp.br\/colecoes\/wp-json\/wp\/v2\/tnc_col_91_item"}],"about":[{"href":"https:\/\/memoriaferroviaria.assis.unesp.br\/colecoes\/wp-json\/wp\/v2\/types\/tnc_col_91_item"}],"replies":[{"embeddable":true,"href":"https:\/\/memoriaferroviaria.assis.unesp.br\/colecoes\/wp-json\/wp\/v2\/comments?post=44236"}],"version-history":[{"count":1,"href":"https:\/\/memoriaferroviaria.assis.unesp.br\/colecoes\/wp-json\/wp\/v2\/tnc_col_91_item\/44236\/revisions"}],"predecessor-version":[{"id":45159,"href":"https:\/\/memoriaferroviaria.assis.unesp.br\/colecoes\/wp-json\/wp\/v2\/tnc_col_91_item\/44236\/revisions\/45159"}],"wp:featuredmedia":[{"embeddable":true,"href":"https:\/\/memoriaferroviaria.assis.unesp.br\/colecoes\/wp-json\/wp\/v2\/media\/45147"}],"wp:attachment":[{"href":"https:\/\/memoriaferroviaria.assis.unesp.br\/colecoes\/wp-json\/wp\/v2\/media?parent=44236"}],"curies":[{"name":"wp","href":"https:\/\/api.w.org\/{rel}","templated":true}]}}

Folha de Bragança &#8211; Mapa da Comissão Geográfica e Geológica do Estado de São Paulo
