{"id":44242,"date":"2025-06-18T17:55:41","date_gmt":"2025-06-18T20:55:41","guid":{"rendered":"https:\/\/memoriaferroviaria.assis.unesp.br\/colecoes\/?post_type=tnc_col_91_item&#038;p=44242"},"modified":"2025-06-21T13:37:18","modified_gmt":"2025-06-21T16:37:18","slug":"folha-de-itu-mapa-da-comissao-geografica-e-geologica-do-estado-de-sao-paulo-2","status":"publish","type":"tnc_col_91_item","link":"https:\/\/memoriaferroviaria.assis.unesp.br\/colecoes\/colecao-cartografica\/folha-de-itu-mapa-da-comissao-geografica-e-geologica-do-estado-de-sao-paulo-2\/","title":{"rendered":"Folha de It\u00fa &#8211; Mapa da Comiss\u00e3o Geogr\u00e1fica e Geol\u00f3gica do Estado de S\u00e3o Paulo"},"content":{"rendered":"","protected":false},"featured_media":45175,"parent":0,"menu_order":0,"comment_status":"closed","ping_status":"closed","template":"","format":"standard","class_list":["post-44242","tnc_col_91_item","type-tnc_col_91_item","status-publish","format-standard","has-post-thumbnail","hentry","tnc_tax_26723-sao-paulo","tnc_tax_23229-lane-c-w","tnc_tax_23229-mattos-belfort","tnc_tax_23208-museu-paulista","tnc_tax_22577-cartografia","tnc_tax_22577-comissao-geografica-e-geologica-de-sao-paulo","tnc_tax_22577-hidrografia","tnc_tax_22577-mapa-topografico","tnc_tax_22577-primeira-republica","tnc_tax_22577-sp-cabreuva","tnc_tax_22577-sp-itatiba","tnc_tax_22577-sp-jundiai","tnc_tax_22577-sp-santana-de-parnaiba","tnc_tax_22577-topografia"],"_links":{"self":[{"href":"https:\/\/memoriaferroviaria.assis.unesp.br\/colecoes\/wp-json\/wp\/v2\/tnc_col_91_item\/44242","targetHints":{"allow":["GET"]}}],"collection":[{"href":"https:\/\/memoriaferroviaria.assis.unesp.br\/colecoes\/wp-json\/wp\/v2\/tnc_col_91_item"}],"about":[{"href":"https:\/\/memoriaferroviaria.assis.unesp.br\/colecoes\/wp-json\/wp\/v2\/types\/tnc_col_91_item"}],"replies":[{"embeddable":true,"href":"https:\/\/memoriaferroviaria.assis.unesp.br\/colecoes\/wp-json\/wp\/v2\/comments?post=44242"}],"version-history":[{"count":1,"href":"https:\/\/memoriaferroviaria.assis.unesp.br\/colecoes\/wp-json\/wp\/v2\/tnc_col_91_item\/44242\/revisions"}],"predecessor-version":[{"id":45183,"href":"https:\/\/memoriaferroviaria.assis.unesp.br\/colecoes\/wp-json\/wp\/v2\/tnc_col_91_item\/44242\/revisions\/45183"}],"wp:featuredmedia":[{"embeddable":true,"href":"https:\/\/memoriaferroviaria.assis.unesp.br\/colecoes\/wp-json\/wp\/v2\/media\/45175"}],"wp:attachment":[{"href":"https:\/\/memoriaferroviaria.assis.unesp.br\/colecoes\/wp-json\/wp\/v2\/media?parent=44242"}],"curies":[{"name":"wp","href":"https:\/\/api.w.org\/{rel}","templated":true}]}}

Folha de Itú &#8211; Mapa da Comissão Geográfica e Geológica do Estado de São Paulo
