{"id":44253,"date":"2025-06-18T17:56:50","date_gmt":"2025-06-18T20:56:50","guid":{"rendered":"https:\/\/memoriaferroviaria.assis.unesp.br\/colecoes\/?post_type=tnc_col_91_item&#038;p=44253"},"modified":"2025-06-18T17:57:14","modified_gmt":"2025-06-18T20:57:14","slug":"folha-de-ribeirao-preto-carta-do-estado-de-sao-paulo-2","status":"publish","type":"tnc_col_91_item","link":"https:\/\/memoriaferroviaria.assis.unesp.br\/colecoes\/colecao-cartografica\/folha-de-ribeirao-preto-carta-do-estado-de-sao-paulo-2\/","title":{"rendered":"Folha de Ribeir\u00e3o Preto &#8211; Carta do Estado de S\u00e3o Paulo"},"content":{"rendered":"<p>Dimens\u00f5es: 34&#215;28 Suporte: Offset Cromia: colorido<\/p>\n","protected":false},"featured_media":44254,"parent":0,"menu_order":0,"comment_status":"closed","ping_status":"closed","template":"","format":"standard","class_list":["post-44253","tnc_col_91_item","type-tnc_col_91_item","status-publish","format-standard","has-post-thumbnail","hentry","tnc_tax_26723-ribeirao-preto","tnc_tax_23229-cococi-alexandre-m","tnc_tax_23208-arquivo-publico-do-estado-de-sao-paulo","tnc_tax_22871-mapa","tnc_tax_22577-colonia","tnc_tax_22577-comissao-geografica-e-geologica-de-sao-paulo","tnc_tax_22577-companhia-mogiana-de-estradas-de-ferro","tnc_tax_22577-companhia-paulista-de-estradas-de-ferro","tnc_tax_22577-estacao-entroncamento","tnc_tax_22577-estacao-guatapara","tnc_tax_22577-estacao-martinho-prado","tnc_tax_22577-estrada-de-rodagem","tnc_tax_22577-fabrica","tnc_tax_22577-fazenda","tnc_tax_22577-governo-vargas","tnc_tax_22577-hidrografia","tnc_tax_22577-mapa-topografico","tnc_tax_22577-ramal-de-cravinhos","tnc_tax_22577-ramal-de-jandaia","tnc_tax_22577-ramal-dumont","tnc_tax_22577-sp-cravinhos","tnc_tax_22577-sp-jardinopolis","tnc_tax_22577-sp-ramal-de-mogi-guacu","tnc_tax_22577-sp-ramal-de-sertaozinho","tnc_tax_22577-sp-ribeirao-preto","tnc_tax_22577-sp-sertaozinho","tnc_tax_22577-topografia","tnc_tax_22577-tramway"],"_links":{"self":[{"href":"https:\/\/memoriaferroviaria.assis.unesp.br\/colecoes\/wp-json\/wp\/v2\/tnc_col_91_item\/44253","targetHints":{"allow":["GET"]}}],"collection":[{"href":"https:\/\/memoriaferroviaria.assis.unesp.br\/colecoes\/wp-json\/wp\/v2\/tnc_col_91_item"}],"about":[{"href":"https:\/\/memoriaferroviaria.assis.unesp.br\/colecoes\/wp-json\/wp\/v2\/types\/tnc_col_91_item"}],"replies":[{"embeddable":true,"href":"https:\/\/memoriaferroviaria.assis.unesp.br\/colecoes\/wp-json\/wp\/v2\/comments?post=44253"}],"version-history":[{"count":0,"href":"https:\/\/memoriaferroviaria.assis.unesp.br\/colecoes\/wp-json\/wp\/v2\/tnc_col_91_item\/44253\/revisions"}],"wp:featuredmedia":[{"embeddable":true,"href":"https:\/\/memoriaferroviaria.assis.unesp.br\/colecoes\/wp-json\/wp\/v2\/media\/44254"}],"wp:attachment":[{"href":"https:\/\/memoriaferroviaria.assis.unesp.br\/colecoes\/wp-json\/wp\/v2\/media?parent=44253"}],"curies":[{"name":"wp","href":"https:\/\/api.w.org\/{rel}","templated":true}]}}

Folha de Ribeirão Preto &#8211; Carta do Estado de São Paulo

<p>Dimensões: 34&#215;28 Suporte: Offset Cromia: colorido</p>
