{"id":44255,"date":"2025-06-18T17:57:14","date_gmt":"2025-06-18T20:57:14","guid":{"rendered":"https:\/\/memoriaferroviaria.assis.unesp.br\/colecoes\/?post_type=tnc_col_91_item&#038;p=44255"},"modified":"2025-06-21T13:50:22","modified_gmt":"2025-06-21T16:50:22","slug":"folha-de-ribeirao-preto-mapa-da-comissao-geografica-e-geologica-do-estado-de-sao-paulo","status":"publish","type":"tnc_col_91_item","link":"https:\/\/memoriaferroviaria.assis.unesp.br\/colecoes\/colecao-cartografica\/folha-de-ribeirao-preto-mapa-da-comissao-geografica-e-geologica-do-estado-de-sao-paulo\/","title":{"rendered":"Folha de Ribeir\u00e3o Preto &#8211; Mapa da Comiss\u00e3o Geogr\u00e1fica e Geol\u00f3gica do Estado de S\u00e3o Paulo"},"content":{"rendered":"","protected":false},"featured_media":45191,"parent":0,"menu_order":0,"comment_status":"closed","ping_status":"closed","template":"","format":"standard","class_list":["post-44255","tnc_col_91_item","type-tnc_col_91_item","status-publish","format-standard","has-post-thumbnail","hentry","tnc_tax_26723-sao-paulo","tnc_tax_23229-cococi-alexandre-mariano","tnc_tax_23229-scorrar-jorge-black","tnc_tax_23208-museu-paulista","tnc_tax_22577-cartografia","tnc_tax_22577-comissao-geografica-e-geologica-de-sao-paulo","tnc_tax_22577-companhia-mogiana-de-estradas-de-ferro","tnc_tax_22577-companhia-paulista-de-estradas-de-ferro","tnc_tax_22577-corrego","tnc_tax_22577-estrada-de-ferro","tnc_tax_22577-hidrografia","tnc_tax_22577-mapa-topografico","tnc_tax_22577-primeira-republica","tnc_tax_22577-ramal-de-jandaia","tnc_tax_22577-ramal-de-monteiros","tnc_tax_22577-ramal-dumont","tnc_tax_22577-rio-pardo","tnc_tax_22577-sp-cravinhos","tnc_tax_22577-sp-jardinopolis","tnc_tax_22577-sp-ramal-de-cravinhos","tnc_tax_22577-sp-ramal-de-jatai","tnc_tax_22577-sp-ribeirao-preto","tnc_tax_22577-sp-sertaozinho","tnc_tax_22577-topografia"],"_links":{"self":[{"href":"https:\/\/memoriaferroviaria.assis.unesp.br\/colecoes\/wp-json\/wp\/v2\/tnc_col_91_item\/44255","targetHints":{"allow":["GET"]}}],"collection":[{"href":"https:\/\/memoriaferroviaria.assis.unesp.br\/colecoes\/wp-json\/wp\/v2\/tnc_col_91_item"}],"about":[{"href":"https:\/\/memoriaferroviaria.assis.unesp.br\/colecoes\/wp-json\/wp\/v2\/types\/tnc_col_91_item"}],"replies":[{"embeddable":true,"href":"https:\/\/memoriaferroviaria.assis.unesp.br\/colecoes\/wp-json\/wp\/v2\/comments?post=44255"}],"version-history":[{"count":1,"href":"https:\/\/memoriaferroviaria.assis.unesp.br\/colecoes\/wp-json\/wp\/v2\/tnc_col_91_item\/44255\/revisions"}],"predecessor-version":[{"id":45201,"href":"https:\/\/memoriaferroviaria.assis.unesp.br\/colecoes\/wp-json\/wp\/v2\/tnc_col_91_item\/44255\/revisions\/45201"}],"wp:featuredmedia":[{"embeddable":true,"href":"https:\/\/memoriaferroviaria.assis.unesp.br\/colecoes\/wp-json\/wp\/v2\/media\/45191"}],"wp:attachment":[{"href":"https:\/\/memoriaferroviaria.assis.unesp.br\/colecoes\/wp-json\/wp\/v2\/media?parent=44255"}],"curies":[{"name":"wp","href":"https:\/\/api.w.org\/{rel}","templated":true}]}}

Folha de Ribeirão Preto &#8211; Mapa da Comissão Geográfica e Geológica do Estado de São Paulo
