{"id":44415,"date":"2025-06-18T17:58:29","date_gmt":"2025-06-18T20:58:29","guid":{"rendered":"https:\/\/memoriaferroviaria.assis.unesp.br\/colecoes\/?post_type=tnc_col_91_item&#038;p=44415"},"modified":"2025-06-26T15:29:12","modified_gmt":"2025-06-26T18:29:12","slug":"mapa-de-demarcacao-do-dote-de-terras-da-princesa-dona-francisca","status":"publish","type":"tnc_col_91_item","link":"https:\/\/memoriaferroviaria.assis.unesp.br\/colecoes\/colecao-cartografica\/mapa-de-demarcacao-do-dote-de-terras-da-princesa-dona-francisca\/","title":{"rendered":"Mapa de Demarca\u00e7\u00e3o do Dote de Terras da Princesa Dona Francisca"},"content":{"rendered":"<p>Mapa da medi\u00e7\u00e3o e demarca\u00e7\u00e3o das vinte e cinco lagoas quadradas de terras concedidas em completento do dote As. D. Francisca compreendendo os terrenos adjacentes o rio de S\u00e3o Francisco e ilha de mesmo nome na prov\u00edncia S. Cantaria<\/p>\n","protected":false},"featured_media":45433,"parent":0,"menu_order":0,"comment_status":"closed","ping_status":"closed","template":"","format":"standard","class_list":["post-44415","tnc_col_91_item","type-tnc_col_91_item","status-publish","format-standard","has-post-thumbnail","hentry","tnc_tax_23229-coelho-jeronimo-francisco","tnc_tax_23208-biblioteca-nacional-digital","tnc_tax_22577-br-santa-catarina","tnc_tax_22577-cartografia","tnc_tax_22577-dona-francisca"],"_links":{"self":[{"href":"https:\/\/memoriaferroviaria.assis.unesp.br\/colecoes\/wp-json\/wp\/v2\/tnc_col_91_item\/44415","targetHints":{"allow":["GET"]}}],"collection":[{"href":"https:\/\/memoriaferroviaria.assis.unesp.br\/colecoes\/wp-json\/wp\/v2\/tnc_col_91_item"}],"about":[{"href":"https:\/\/memoriaferroviaria.assis.unesp.br\/colecoes\/wp-json\/wp\/v2\/types\/tnc_col_91_item"}],"replies":[{"embeddable":true,"href":"https:\/\/memoriaferroviaria.assis.unesp.br\/colecoes\/wp-json\/wp\/v2\/comments?post=44415"}],"version-history":[{"count":1,"href":"https:\/\/memoriaferroviaria.assis.unesp.br\/colecoes\/wp-json\/wp\/v2\/tnc_col_91_item\/44415\/revisions"}],"predecessor-version":[{"id":45435,"href":"https:\/\/memoriaferroviaria.assis.unesp.br\/colecoes\/wp-json\/wp\/v2\/tnc_col_91_item\/44415\/revisions\/45435"}],"wp:featuredmedia":[{"embeddable":true,"href":"https:\/\/memoriaferroviaria.assis.unesp.br\/colecoes\/wp-json\/wp\/v2\/media\/45433"}],"wp:attachment":[{"href":"https:\/\/memoriaferroviaria.assis.unesp.br\/colecoes\/wp-json\/wp\/v2\/media?parent=44415"}],"curies":[{"name":"wp","href":"https:\/\/api.w.org\/{rel}","templated":true}]}}

Mapa de Demarcação do Dote de Terras da Princesa Dona Francisca

<p>Mapa da medição e demarcação das vinte e cinco lagoas quadradas de terras concedidas em completento do dote As. D. Francisca compreendendo os terrenos adjacentes o rio de São Francisco e ilha de mesmo nome na província S. Cantaria</p>
