{"id":44416,"date":"2025-06-18T17:58:29","date_gmt":"2025-06-18T20:58:29","guid":{"rendered":"https:\/\/memoriaferroviaria.assis.unesp.br\/colecoes\/?post_type=tnc_col_91_item&#038;p=44416"},"modified":"2025-06-26T15:28:43","modified_gmt":"2025-06-26T18:28:43","slug":"mapa-de-direito-de-preempcao-de-jundiai","status":"publish","type":"tnc_col_91_item","link":"https:\/\/memoriaferroviaria.assis.unesp.br\/colecoes\/colecao-cartografica\/mapa-de-direito-de-preempcao-de-jundiai\/","title":{"rendered":"Mapa de Direito de Preemp\u00e7\u00e3o de Jundia\u00ed"},"content":{"rendered":"","protected":false},"featured_media":45430,"parent":0,"menu_order":0,"comment_status":"closed","ping_status":"closed","template":"","format":"standard","class_list":["post-44416","tnc_col_91_item","type-tnc_col_91_item","status-publish","format-standard","has-post-thumbnail","hentry","tnc_tax_26723-jundiai","tnc_tax_23229-prefeitura-municipal-de-jundiai","tnc_tax_22871-planta-urbana","tnc_tax_22577-gestao-publica","tnc_tax_22577-hidrografia","tnc_tax_22577-planejamento-urbano","tnc_tax_22577-rodovia","tnc_tax_22577-sp-jundiai","tnc_tax_22577-urbano","tnc_tax_22577-vias-publicas"],"_links":{"self":[{"href":"https:\/\/memoriaferroviaria.assis.unesp.br\/colecoes\/wp-json\/wp\/v2\/tnc_col_91_item\/44416","targetHints":{"allow":["GET"]}}],"collection":[{"href":"https:\/\/memoriaferroviaria.assis.unesp.br\/colecoes\/wp-json\/wp\/v2\/tnc_col_91_item"}],"about":[{"href":"https:\/\/memoriaferroviaria.assis.unesp.br\/colecoes\/wp-json\/wp\/v2\/types\/tnc_col_91_item"}],"replies":[{"embeddable":true,"href":"https:\/\/memoriaferroviaria.assis.unesp.br\/colecoes\/wp-json\/wp\/v2\/comments?post=44416"}],"version-history":[{"count":1,"href":"https:\/\/memoriaferroviaria.assis.unesp.br\/colecoes\/wp-json\/wp\/v2\/tnc_col_91_item\/44416\/revisions"}],"predecessor-version":[{"id":45431,"href":"https:\/\/memoriaferroviaria.assis.unesp.br\/colecoes\/wp-json\/wp\/v2\/tnc_col_91_item\/44416\/revisions\/45431"}],"wp:featuredmedia":[{"embeddable":true,"href":"https:\/\/memoriaferroviaria.assis.unesp.br\/colecoes\/wp-json\/wp\/v2\/media\/45430"}],"wp:attachment":[{"href":"https:\/\/memoriaferroviaria.assis.unesp.br\/colecoes\/wp-json\/wp\/v2\/media?parent=44416"}],"curies":[{"name":"wp","href":"https:\/\/api.w.org\/{rel}","templated":true}]}}

Mapa de Direito de Preempção de Jundiaí
