{"id":44420,"date":"2025-06-18T17:58:31","date_gmt":"2025-06-18T20:58:31","guid":{"rendered":"https:\/\/memoriaferroviaria.assis.unesp.br\/colecoes\/?post_type=tnc_col_91_item&#038;p=44420"},"modified":"2025-06-26T15:31:30","modified_gmt":"2025-06-26T18:31:30","slug":"mapa-de-divisao-regional-para-representacao-no-cmpt-de-jundiai","status":"publish","type":"tnc_col_91_item","link":"https:\/\/memoriaferroviaria.assis.unesp.br\/colecoes\/colecao-cartografica\/mapa-de-divisao-regional-para-representacao-no-cmpt-de-jundiai\/","title":{"rendered":"Mapa de Divis\u00e3o Regional para Representa\u00e7\u00e3o no CMPT de Jundia\u00ed"},"content":{"rendered":"","protected":false},"featured_media":45438,"parent":0,"menu_order":0,"comment_status":"closed","ping_status":"closed","template":"","format":"standard","class_list":["post-44420","tnc_col_91_item","type-tnc_col_91_item","status-publish","format-standard","has-post-thumbnail","hentry","tnc_tax_26723-jundiai","tnc_tax_23229-prefeitura-municipal-de-jundiai","tnc_tax_22871-planta-urbana","tnc_tax_22577-gestao-publica","tnc_tax_22577-hidrografia","tnc_tax_22577-planejamento-urbano","tnc_tax_22577-rodovia","tnc_tax_22577-sp-jundiai","tnc_tax_22577-urbano","tnc_tax_22577-vias-publicas"],"_links":{"self":[{"href":"https:\/\/memoriaferroviaria.assis.unesp.br\/colecoes\/wp-json\/wp\/v2\/tnc_col_91_item\/44420","targetHints":{"allow":["GET"]}}],"collection":[{"href":"https:\/\/memoriaferroviaria.assis.unesp.br\/colecoes\/wp-json\/wp\/v2\/tnc_col_91_item"}],"about":[{"href":"https:\/\/memoriaferroviaria.assis.unesp.br\/colecoes\/wp-json\/wp\/v2\/types\/tnc_col_91_item"}],"replies":[{"embeddable":true,"href":"https:\/\/memoriaferroviaria.assis.unesp.br\/colecoes\/wp-json\/wp\/v2\/comments?post=44420"}],"version-history":[{"count":1,"href":"https:\/\/memoriaferroviaria.assis.unesp.br\/colecoes\/wp-json\/wp\/v2\/tnc_col_91_item\/44420\/revisions"}],"predecessor-version":[{"id":45441,"href":"https:\/\/memoriaferroviaria.assis.unesp.br\/colecoes\/wp-json\/wp\/v2\/tnc_col_91_item\/44420\/revisions\/45441"}],"wp:featuredmedia":[{"embeddable":true,"href":"https:\/\/memoriaferroviaria.assis.unesp.br\/colecoes\/wp-json\/wp\/v2\/media\/45438"}],"wp:attachment":[{"href":"https:\/\/memoriaferroviaria.assis.unesp.br\/colecoes\/wp-json\/wp\/v2\/media?parent=44420"}],"curies":[{"name":"wp","href":"https:\/\/api.w.org\/{rel}","templated":true}]}}

Mapa de Divisão Regional para Representação no CMPT de Jundiaí
