{"id":44427,"date":"2025-06-18T17:58:36","date_gmt":"2025-06-18T20:58:36","guid":{"rendered":"https:\/\/memoriaferroviaria.assis.unesp.br\/colecoes\/?post_type=tnc_col_91_item&#038;p=44427"},"modified":"2025-06-26T15:45:28","modified_gmt":"2025-06-26T18:45:28","slug":"mapa-de-parte-dos-estados-da-bahia-pernambuco-e-piaui-e-dos-estados-de-sergipe-e-alagoas-reproduzido-pela-inspetoria-de-obras-contra-as-secas-ministerio-da-viacao-e-obras-publicas-m-arrojado-lis","status":"publish","type":"tnc_col_91_item","link":"https:\/\/memoriaferroviaria.assis.unesp.br\/colecoes\/colecao-cartografica\/mapa-de-parte-dos-estados-da-bahia-pernambuco-e-piaui-e-dos-estados-de-sergipe-e-alagoas-reproduzido-pela-inspetoria-de-obras-contra-as-secas-ministerio-da-viacao-e-obras-publicas-m-arrojado-lis\/","title":{"rendered":"Mapa de parte dos estados da Bahia, Pernambuco e Piau\u00ed e dos estados de Sergipe e Alagoas. Reproduzido pela Inspetoria de Obras Contra as S\u00eacas [Minist\u00e9rio da Via\u00e7\u00e3o e Obras P\u00fablicas]; M. Arrojado Lisboa, inspetor. Servi\u00e7o Geol\u00f3gico e Mineral\u00f3gico do Brasil; Orville A. Derby, chefe"},"content":{"rendered":"<p>Dimens\u00f5es:37X41cm Suporte: Offset Cromia: colorido<\/p>\n","protected":false},"featured_media":45449,"parent":0,"menu_order":0,"comment_status":"closed","ping_status":"closed","template":"","format":"standard","class_list":["post-44427","tnc_col_91_item","type-tnc_col_91_item","status-publish","format-standard","has-post-thumbnail","hentry","tnc_tax_26723-rio-de-janeiro","tnc_tax_23229-horacio-e-willians","tnc_tax_23229-inspetoria-de-obras-contra-as-secas","tnc_tax_23229-j-c-branner","tnc_tax_23229-ministerio-da-viacao-e-obras-publicas","tnc_tax_23229-r-crandall","tnc_tax_23208-arquivo-nacional","tnc_tax_22871-mapa","tnc_tax_22577-br-parana","tnc_tax_22577-br-pernambuco","tnc_tax_22577-br-rio-grande-do-norte","tnc_tax_22577-estrada-de-ferro","tnc_tax_22577-hidrografia","tnc_tax_22577-ministerio-de-viacao-e-obras-publicas","tnc_tax_22577-primeira-republica"],"_links":{"self":[{"href":"https:\/\/memoriaferroviaria.assis.unesp.br\/colecoes\/wp-json\/wp\/v2\/tnc_col_91_item\/44427","targetHints":{"allow":["GET"]}}],"collection":[{"href":"https:\/\/memoriaferroviaria.assis.unesp.br\/colecoes\/wp-json\/wp\/v2\/tnc_col_91_item"}],"about":[{"href":"https:\/\/memoriaferroviaria.assis.unesp.br\/colecoes\/wp-json\/wp\/v2\/types\/tnc_col_91_item"}],"replies":[{"embeddable":true,"href":"https:\/\/memoriaferroviaria.assis.unesp.br\/colecoes\/wp-json\/wp\/v2\/comments?post=44427"}],"version-history":[{"count":1,"href":"https:\/\/memoriaferroviaria.assis.unesp.br\/colecoes\/wp-json\/wp\/v2\/tnc_col_91_item\/44427\/revisions"}],"predecessor-version":[{"id":45451,"href":"https:\/\/memoriaferroviaria.assis.unesp.br\/colecoes\/wp-json\/wp\/v2\/tnc_col_91_item\/44427\/revisions\/45451"}],"wp:featuredmedia":[{"embeddable":true,"href":"https:\/\/memoriaferroviaria.assis.unesp.br\/colecoes\/wp-json\/wp\/v2\/media\/45449"}],"wp:attachment":[{"href":"https:\/\/memoriaferroviaria.assis.unesp.br\/colecoes\/wp-json\/wp\/v2\/media?parent=44427"}],"curies":[{"name":"wp","href":"https:\/\/api.w.org\/{rel}","templated":true}]}}

Mapa de parte dos estados da Bahia, Pernambuco e Piauí e dos estados de Sergipe e Alagoas. Reproduzido pela Inspetoria de Obras Contra as Sêcas [Ministério da Viação e Obras Públicas]; M. Arrojado Lisboa, inspetor. Serviço Geológico e Mineralógico do Brasil; Orville A. Derby, chefe

<p>Dimensões:37X41cm Suporte: Offset Cromia: colorido</p>
