{"id":44480,"date":"2025-06-18T18:00:05","date_gmt":"2025-06-18T21:00:05","guid":{"rendered":"https:\/\/memoriaferroviaria.assis.unesp.br\/colecoes\/?post_type=tnc_col_91_item&#038;p=44480"},"modified":"2025-06-26T16:21:29","modified_gmt":"2025-06-26T19:21:29","slug":"mapa-geral-da-provincia-do-parana-com-os-caminhos-de-ferro-estudados-e-projetados","status":"publish","type":"tnc_col_91_item","link":"https:\/\/memoriaferroviaria.assis.unesp.br\/colecoes\/colecao-cartografica\/mapa-geral-da-provincia-do-parana-com-os-caminhos-de-ferro-estudados-e-projetados\/","title":{"rendered":"Mapa geral da prov\u00edncia do Paran\u00e1 com os caminhos de ferro estudados e projetados"},"content":{"rendered":"<p>Dimens\u00f5es:56X72cm Suporte: Offset Cromia: colorido<\/p>\n","protected":false},"featured_media":45547,"parent":0,"menu_order":0,"comment_status":"closed","ping_status":"closed","template":"","format":"standard","class_list":["post-44480","tnc_col_91_item","type-tnc_col_91_item","status-publish","format-standard","has-post-thumbnail","hentry","tnc_tax_26723-rio-de-janeiro","tnc_tax_23229-inspetoria-de-obras-contra-as-secas","tnc_tax_23229-ministerio-da-viacao-e-obras-publicas","tnc_tax_23208-arquivo-nacional","tnc_tax_22871-mapa","tnc_tax_22577-br-parana","tnc_tax_22577-br-sao-paulo","tnc_tax_22577-estrada-de-ferro","tnc_tax_22577-ministerio-de-viacao-e-obras-publicas","tnc_tax_22577-primeira-republica"],"_links":{"self":[{"href":"https:\/\/memoriaferroviaria.assis.unesp.br\/colecoes\/wp-json\/wp\/v2\/tnc_col_91_item\/44480","targetHints":{"allow":["GET"]}}],"collection":[{"href":"https:\/\/memoriaferroviaria.assis.unesp.br\/colecoes\/wp-json\/wp\/v2\/tnc_col_91_item"}],"about":[{"href":"https:\/\/memoriaferroviaria.assis.unesp.br\/colecoes\/wp-json\/wp\/v2\/types\/tnc_col_91_item"}],"replies":[{"embeddable":true,"href":"https:\/\/memoriaferroviaria.assis.unesp.br\/colecoes\/wp-json\/wp\/v2\/comments?post=44480"}],"version-history":[{"count":1,"href":"https:\/\/memoriaferroviaria.assis.unesp.br\/colecoes\/wp-json\/wp\/v2\/tnc_col_91_item\/44480\/revisions"}],"predecessor-version":[{"id":45545,"href":"https:\/\/memoriaferroviaria.assis.unesp.br\/colecoes\/wp-json\/wp\/v2\/tnc_col_91_item\/44480\/revisions\/45545"}],"wp:featuredmedia":[{"embeddable":true,"href":"https:\/\/memoriaferroviaria.assis.unesp.br\/colecoes\/wp-json\/wp\/v2\/media\/45547"}],"wp:attachment":[{"href":"https:\/\/memoriaferroviaria.assis.unesp.br\/colecoes\/wp-json\/wp\/v2\/media?parent=44480"}],"curies":[{"name":"wp","href":"https:\/\/api.w.org\/{rel}","templated":true}]}}

Mapa geral da província do Paraná com os caminhos de ferro estudados e projetados

<p>Dimensões:56X72cm Suporte: Offset Cromia: colorido</p>
