{"id":44481,"date":"2025-06-18T18:00:05","date_gmt":"2025-06-18T21:00:05","guid":{"rendered":"https:\/\/memoriaferroviaria.assis.unesp.br\/colecoes\/?post_type=tnc_col_91_item&#038;p=44481"},"modified":"2025-06-26T16:19:23","modified_gmt":"2025-06-26T19:19:23","slug":"mapa-geral-da-viacao-ferrea-do-estado-de-sao-paulo","status":"publish","type":"tnc_col_91_item","link":"https:\/\/memoriaferroviaria.assis.unesp.br\/colecoes\/colecao-cartografica\/mapa-geral-da-viacao-ferrea-do-estado-de-sao-paulo\/","title":{"rendered":"Mapa Geral da Via\u00e7\u00e3o F\u00e9rrea do Estado de S\u00e3o Paulo"},"content":{"rendered":"<p>Dimens\u00f5es\taltura: 68,3 cm (26,8 pol)  Edite isso no Wikidata; largura: 90,5 cm (35,6 pol.)<\/p>\n","protected":false},"featured_media":45539,"parent":0,"menu_order":0,"comment_status":"closed","ping_status":"closed","template":"","format":"standard","class_list":["post-44481","tnc_col_91_item","type-tnc_col_91_item","status-publish","format-standard","has-post-thumbnail","hentry","tnc_tax_26723-sao-paulo","tnc_tax_23229-inspetoria-de-estradas-de-ferro-e-navegacao","tnc_tax_23208-museu-paulista","tnc_tax_22871-mapa","tnc_tax_22577-br-sao-paulo","tnc_tax_22577-companhia-mogiana-de-estradas-de-ferro","tnc_tax_22577-companhia-paulista-de-estradas-de-ferro","tnc_tax_22577-estrada-de-ferro","tnc_tax_22577-estrada-de-ferro-central-do-brasil","tnc_tax_22577-estrada-de-ferro-sorocabana","tnc_tax_22577-hidrografia","tnc_tax_22577-primeira-republica","tnc_tax_22577-sao-paulo-railway"],"_links":{"self":[{"href":"https:\/\/memoriaferroviaria.assis.unesp.br\/colecoes\/wp-json\/wp\/v2\/tnc_col_91_item\/44481","targetHints":{"allow":["GET"]}}],"collection":[{"href":"https:\/\/memoriaferroviaria.assis.unesp.br\/colecoes\/wp-json\/wp\/v2\/tnc_col_91_item"}],"about":[{"href":"https:\/\/memoriaferroviaria.assis.unesp.br\/colecoes\/wp-json\/wp\/v2\/types\/tnc_col_91_item"}],"replies":[{"embeddable":true,"href":"https:\/\/memoriaferroviaria.assis.unesp.br\/colecoes\/wp-json\/wp\/v2\/comments?post=44481"}],"version-history":[{"count":1,"href":"https:\/\/memoriaferroviaria.assis.unesp.br\/colecoes\/wp-json\/wp\/v2\/tnc_col_91_item\/44481\/revisions"}],"predecessor-version":[{"id":45541,"href":"https:\/\/memoriaferroviaria.assis.unesp.br\/colecoes\/wp-json\/wp\/v2\/tnc_col_91_item\/44481\/revisions\/45541"}],"wp:featuredmedia":[{"embeddable":true,"href":"https:\/\/memoriaferroviaria.assis.unesp.br\/colecoes\/wp-json\/wp\/v2\/media\/45539"}],"wp:attachment":[{"href":"https:\/\/memoriaferroviaria.assis.unesp.br\/colecoes\/wp-json\/wp\/v2\/media?parent=44481"}],"curies":[{"name":"wp","href":"https:\/\/api.w.org\/{rel}","templated":true}]}}

Mapa Geral da Viação Férrea do Estado de São Paulo

<p>Dimensões	altura: 68,3 cm (26,8 pol)  Edite isso no Wikidata; largura: 90,5 cm (35,6 pol.)</p>
