{"id":44517,"date":"2025-06-18T18:01:11","date_gmt":"2025-06-18T21:01:11","guid":{"rendered":"https:\/\/memoriaferroviaria.assis.unesp.br\/colecoes\/?post_type=tnc_col_91_item&#038;p=44517"},"modified":"2025-06-26T17:00:47","modified_gmt":"2025-06-26T20:00:47","slug":"mappa-geral-dos-estados-de-sao-paulo-e-matto-grosso-na-parte-que-tem-relacao-com-estrada-do-alto-parana","status":"publish","type":"tnc_col_91_item","link":"https:\/\/memoriaferroviaria.assis.unesp.br\/colecoes\/colecao-cartografica\/mappa-geral-dos-estados-de-sao-paulo-e-matto-grosso-na-parte-que-tem-relacao-com-estrada-do-alto-parana\/","title":{"rendered":"Mappa Geral dos estados de S\u00e3o Paulo e Matto Grosso na parte que tem rela\u00e7\u00e3o com estrada do Alto Paran\u00e1"},"content":{"rendered":"","protected":false},"featured_media":45618,"parent":0,"menu_order":0,"comment_status":"closed","ping_status":"closed","template":"","format":"standard","class_list":["post-44517","tnc_col_91_item","type-tnc_col_91_item","status-publish","format-standard","has-post-thumbnail","hentry","tnc_tax_23208-apesp","tnc_tax_22871-mapa","tnc_tax_22577-estrada","tnc_tax_22577-ms-mato-grosso-do-sul","tnc_tax_22577-rio","tnc_tax_22577-sp-sao-paulo"],"_links":{"self":[{"href":"https:\/\/memoriaferroviaria.assis.unesp.br\/colecoes\/wp-json\/wp\/v2\/tnc_col_91_item\/44517","targetHints":{"allow":["GET"]}}],"collection":[{"href":"https:\/\/memoriaferroviaria.assis.unesp.br\/colecoes\/wp-json\/wp\/v2\/tnc_col_91_item"}],"about":[{"href":"https:\/\/memoriaferroviaria.assis.unesp.br\/colecoes\/wp-json\/wp\/v2\/types\/tnc_col_91_item"}],"replies":[{"embeddable":true,"href":"https:\/\/memoriaferroviaria.assis.unesp.br\/colecoes\/wp-json\/wp\/v2\/comments?post=44517"}],"version-history":[{"count":1,"href":"https:\/\/memoriaferroviaria.assis.unesp.br\/colecoes\/wp-json\/wp\/v2\/tnc_col_91_item\/44517\/revisions"}],"predecessor-version":[{"id":45620,"href":"https:\/\/memoriaferroviaria.assis.unesp.br\/colecoes\/wp-json\/wp\/v2\/tnc_col_91_item\/44517\/revisions\/45620"}],"wp:featuredmedia":[{"embeddable":true,"href":"https:\/\/memoriaferroviaria.assis.unesp.br\/colecoes\/wp-json\/wp\/v2\/media\/45618"}],"wp:attachment":[{"href":"https:\/\/memoriaferroviaria.assis.unesp.br\/colecoes\/wp-json\/wp\/v2\/media?parent=44517"}],"curies":[{"name":"wp","href":"https:\/\/api.w.org\/{rel}","templated":true}]}}

Mappa Geral dos estados de São Paulo e Matto Grosso na parte que tem relação com estrada do Alto Paraná
