{"id":44518,"date":"2025-06-18T18:01:12","date_gmt":"2025-06-18T21:01:12","guid":{"rendered":"https:\/\/memoriaferroviaria.assis.unesp.br\/colecoes\/?post_type=tnc_col_91_item&#038;p=44518"},"modified":"2025-06-26T17:02:13","modified_gmt":"2025-06-26T20:02:13","slug":"mappa-indicando-a-situacao-de-cidades-villas-e-districtos-de-paz-decretados-ate-ao-fim-do-anno-de-1897-do-estado-de-sao-paulo","status":"publish","type":"tnc_col_91_item","link":"https:\/\/memoriaferroviaria.assis.unesp.br\/colecoes\/colecao-cartografica\/mappa-indicando-a-situacao-de-cidades-villas-e-districtos-de-paz-decretados-ate-ao-fim-do-anno-de-1897-do-estado-de-sao-paulo\/","title":{"rendered":"Mappa indicando a situa\u00e7\u00e3o de cidades, villas e districtos de paz decretados at\u00e9 ao fim do anno de 1897 do Estado de S\u00e3o Paulo"},"content":{"rendered":"","protected":false},"featured_media":45627,"parent":0,"menu_order":0,"comment_status":"closed","ping_status":"closed","template":"","format":"standard","class_list":["post-44518","tnc_col_91_item","type-tnc_col_91_item","status-publish","format-standard","has-post-thumbnail","hentry","tnc_tax_23208-apesp","tnc_tax_22871-mapa","tnc_tax_22577-municipio","tnc_tax_22577-rio","tnc_tax_22577-sp-sao-paulo"],"_links":{"self":[{"href":"https:\/\/memoriaferroviaria.assis.unesp.br\/colecoes\/wp-json\/wp\/v2\/tnc_col_91_item\/44518","targetHints":{"allow":["GET"]}}],"collection":[{"href":"https:\/\/memoriaferroviaria.assis.unesp.br\/colecoes\/wp-json\/wp\/v2\/tnc_col_91_item"}],"about":[{"href":"https:\/\/memoriaferroviaria.assis.unesp.br\/colecoes\/wp-json\/wp\/v2\/types\/tnc_col_91_item"}],"replies":[{"embeddable":true,"href":"https:\/\/memoriaferroviaria.assis.unesp.br\/colecoes\/wp-json\/wp\/v2\/comments?post=44518"}],"version-history":[{"count":1,"href":"https:\/\/memoriaferroviaria.assis.unesp.br\/colecoes\/wp-json\/wp\/v2\/tnc_col_91_item\/44518\/revisions"}],"predecessor-version":[{"id":45626,"href":"https:\/\/memoriaferroviaria.assis.unesp.br\/colecoes\/wp-json\/wp\/v2\/tnc_col_91_item\/44518\/revisions\/45626"}],"wp:featuredmedia":[{"embeddable":true,"href":"https:\/\/memoriaferroviaria.assis.unesp.br\/colecoes\/wp-json\/wp\/v2\/media\/45627"}],"wp:attachment":[{"href":"https:\/\/memoriaferroviaria.assis.unesp.br\/colecoes\/wp-json\/wp\/v2\/media?parent=44518"}],"curies":[{"name":"wp","href":"https:\/\/api.w.org\/{rel}","templated":true}]}}

Mappa indicando a situação de cidades, villas e districtos de paz decretados até ao fim do anno de 1897 do Estado de São Paulo
