{"id":44567,"date":"2025-06-18T18:02:01","date_gmt":"2025-06-18T21:02:01","guid":{"rendered":"https:\/\/memoriaferroviaria.assis.unesp.br\/colecoes\/?post_type=tnc_col_91_item&#038;p=44567"},"modified":"2025-06-26T19:23:02","modified_gmt":"2025-06-26T22:23:02","slug":"municipio-de-ubirama","status":"publish","type":"tnc_col_91_item","link":"https:\/\/memoriaferroviaria.assis.unesp.br\/colecoes\/colecao-cartografica\/municipio-de-ubirama\/","title":{"rendered":"Municipio de Ubirama"},"content":{"rendered":"<p>Para usos de arquivos pertencentes a Biblioteca M\u00e1rio de Andrade \u00e9 preciso entrar em contato solicitando autoriza\u00e7\u00e3o para tal.<\/p>\n","protected":false},"featured_media":45731,"parent":0,"menu_order":0,"comment_status":"closed","ping_status":"closed","template":"","format":"standard","class_list":["post-44567","tnc_col_91_item","type-tnc_col_91_item","status-publish","format-standard","has-post-thumbnail","hentry","tnc_tax_23208-biblioteca-mario-de-andrade","tnc_tax_22577-municipio","tnc_tax_22577-sp-ubirama"],"_links":{"self":[{"href":"https:\/\/memoriaferroviaria.assis.unesp.br\/colecoes\/wp-json\/wp\/v2\/tnc_col_91_item\/44567","targetHints":{"allow":["GET"]}}],"collection":[{"href":"https:\/\/memoriaferroviaria.assis.unesp.br\/colecoes\/wp-json\/wp\/v2\/tnc_col_91_item"}],"about":[{"href":"https:\/\/memoriaferroviaria.assis.unesp.br\/colecoes\/wp-json\/wp\/v2\/types\/tnc_col_91_item"}],"replies":[{"embeddable":true,"href":"https:\/\/memoriaferroviaria.assis.unesp.br\/colecoes\/wp-json\/wp\/v2\/comments?post=44567"}],"version-history":[{"count":1,"href":"https:\/\/memoriaferroviaria.assis.unesp.br\/colecoes\/wp-json\/wp\/v2\/tnc_col_91_item\/44567\/revisions"}],"predecessor-version":[{"id":45733,"href":"https:\/\/memoriaferroviaria.assis.unesp.br\/colecoes\/wp-json\/wp\/v2\/tnc_col_91_item\/44567\/revisions\/45733"}],"wp:featuredmedia":[{"embeddable":true,"href":"https:\/\/memoriaferroviaria.assis.unesp.br\/colecoes\/wp-json\/wp\/v2\/media\/45731"}],"wp:attachment":[{"href":"https:\/\/memoriaferroviaria.assis.unesp.br\/colecoes\/wp-json\/wp\/v2\/media?parent=44567"}],"curies":[{"name":"wp","href":"https:\/\/api.w.org\/{rel}","templated":true}]}}

<p>Para usos de arquivos pertencentes a Biblioteca Mário de Andrade é preciso entrar em contato solicitando autorização para tal.</p>
