{"id":44586,"date":"2025-06-18T18:02:21","date_gmt":"2025-06-18T21:02:21","guid":{"rendered":"https:\/\/memoriaferroviaria.assis.unesp.br\/colecoes\/?post_type=tnc_col_91_item&#038;p=44586"},"modified":"2025-06-18T18:02:30","modified_gmt":"2025-06-18T21:02:30","slug":"planta-altimetrica-da-cidade-de-presidente-prudente-com-projecto-da-rede-de-aguas-e-esgotos","status":"publish","type":"tnc_col_91_item","link":"https:\/\/memoriaferroviaria.assis.unesp.br\/colecoes\/colecao-cartografica\/planta-altimetrica-da-cidade-de-presidente-prudente-com-projecto-da-rede-de-aguas-e-esgotos\/","title":{"rendered":"Planta Altim\u00e9trica da Cidade de Presidente Prudente. Com Projecto da Rede de \u00c1guas e Esgotos"},"content":{"rendered":"<p>Dimens\u00f5es: 151&#215;120 Suporte: Vegetal Cromia: colorido<\/p>\n","protected":false},"featured_media":44587,"parent":0,"menu_order":0,"comment_status":"closed","ping_status":"closed","template":"","format":"standard","class_list":["post-44586","tnc_col_91_item","type-tnc_col_91_item","status-publish","format-standard","has-post-thumbnail","hentry","tnc_tax_26723-presidente-prudente","tnc_tax_23229-ippolito-a-ponuzio","tnc_tax_23208-arquivo-publico-do-estado-de-sao-paulo","tnc_tax_22577-abastecimento-de-agua","tnc_tax_22577-estacao","tnc_tax_22577-estatistica","tnc_tax_22577-estrada-de-ferro-sorocabana","tnc_tax_22577-estrada-de-rodagem","tnc_tax_22577-governo-vargas","tnc_tax_22577-saneamento","tnc_tax_22577-sp-presidente-prudente","tnc_tax_22577-topografia"],"_links":{"self":[{"href":"https:\/\/memoriaferroviaria.assis.unesp.br\/colecoes\/wp-json\/wp\/v2\/tnc_col_91_item\/44586","targetHints":{"allow":["GET"]}}],"collection":[{"href":"https:\/\/memoriaferroviaria.assis.unesp.br\/colecoes\/wp-json\/wp\/v2\/tnc_col_91_item"}],"about":[{"href":"https:\/\/memoriaferroviaria.assis.unesp.br\/colecoes\/wp-json\/wp\/v2\/types\/tnc_col_91_item"}],"replies":[{"embeddable":true,"href":"https:\/\/memoriaferroviaria.assis.unesp.br\/colecoes\/wp-json\/wp\/v2\/comments?post=44586"}],"version-history":[{"count":0,"href":"https:\/\/memoriaferroviaria.assis.unesp.br\/colecoes\/wp-json\/wp\/v2\/tnc_col_91_item\/44586\/revisions"}],"wp:featuredmedia":[{"embeddable":true,"href":"https:\/\/memoriaferroviaria.assis.unesp.br\/colecoes\/wp-json\/wp\/v2\/media\/44587"}],"wp:attachment":[{"href":"https:\/\/memoriaferroviaria.assis.unesp.br\/colecoes\/wp-json\/wp\/v2\/media?parent=44586"}],"curies":[{"name":"wp","href":"https:\/\/api.w.org\/{rel}","templated":true}]}}

Planta Altimétrica da Cidade de Presidente Prudente. Com Projecto da Rede de Águas e Esgotos

<p>Dimensões: 151&#215;120 Suporte: Vegetal Cromia: colorido</p>
