{"id":38182,"date":"2024-12-10T13:53:20","date_gmt":"2024-12-10T16:53:20","guid":{"rendered":"https:\/\/memoriaferroviaria.assis.unesp.br\/colecoes\/?post_type=tnc_col_9388_item&#038;p=38182"},"modified":"2024-12-10T13:53:22","modified_gmt":"2024-12-10T16:53:22","slug":"la-reutilizacion-de-patrimonio-industrial-ferroviario-como-forma-de-preservacion-el-caso-del-conjunto-de-la-compania-mogiana-en-campinas-sao-paulo-brasil-2","status":"publish","type":"tnc_col_9388_item","link":"https:\/\/memoriaferroviaria.assis.unesp.br\/colecoes\/colecao-producao-mf\/la-reutilizacion-de-patrimonio-industrial-ferroviario-como-forma-de-preservacion-el-caso-del-conjunto-de-la-compania-mogiana-en-campinas-sao-paulo-brasil-2\/","title":{"rendered":"La reutilizaci\u00f3n de patrimonio industrial ferroviario como forma de preservaci\u00f3n: el caso del conjunto de la compa\u00f1\u00eda Mogiana en Campinas (S\u00e3o Paulo\/Brasil)"},"content":{"rendered":"","protected":false},"featured_media":0,"parent":0,"menu_order":0,"comment_status":"closed","ping_status":"closed","template":"","format":"standard","class_list":["post-38182","tnc_col_9388_item","type-tnc_col_9388_item","status-publish","format-standard","hentry","tnc_tax_37089-espanhol","tnc_tax_26723-huelva","tnc_tax_23229-oliveira-eduardo-romero-de","tnc_tax_23229-santos-priscila-kamilynn-araujo-dos","tnc_tax_22577-companhia-mogiana-de-estradas-de-ferro","tnc_tax_22577-patrimonio-ferroviario","tnc_tax_22577-patrimonio-industrial","tnc_tax_22577-preservacao","tnc_tax_22577-revitalizacao","tnc_tax_22577-sp-campinas"],"_links":{"self":[{"href":"https:\/\/memoriaferroviaria.assis.unesp.br\/colecoes\/wp-json\/wp\/v2\/tnc_col_9388_item\/38182","targetHints":{"allow":["GET"]}}],"collection":[{"href":"https:\/\/memoriaferroviaria.assis.unesp.br\/colecoes\/wp-json\/wp\/v2\/tnc_col_9388_item"}],"about":[{"href":"https:\/\/memoriaferroviaria.assis.unesp.br\/colecoes\/wp-json\/wp\/v2\/types\/tnc_col_9388_item"}],"replies":[{"embeddable":true,"href":"https:\/\/memoriaferroviaria.assis.unesp.br\/colecoes\/wp-json\/wp\/v2\/comments?post=38182"}],"version-history":[{"count":0,"href":"https:\/\/memoriaferroviaria.assis.unesp.br\/colecoes\/wp-json\/wp\/v2\/tnc_col_9388_item\/38182\/revisions"}],"wp:attachment":[{"href":"https:\/\/memoriaferroviaria.assis.unesp.br\/colecoes\/wp-json\/wp\/v2\/media?parent=38182"}],"curies":[{"name":"wp","href":"https:\/\/api.w.org\/{rel}","templated":true}]}}

La reutilización de patrimonio industrial ferroviario como forma de preservación: el caso del conjunto de la compañía Mogiana en Campinas (São Paulo/Brasil)
