{"id":38185,"date":"2024-12-10T13:53:24","date_gmt":"2024-12-10T16:53:24","guid":{"rendered":"https:\/\/memoriaferroviaria.assis.unesp.br\/colecoes\/?post_type=tnc_col_9388_item&#038;p=38185"},"modified":"2024-12-10T13:53:27","modified_gmt":"2024-12-10T16:53:27","slug":"exame-da-eficacia-dos-usos-culturais-para-antigas-estacoes-ferroviarias-2","status":"publish","type":"tnc_col_9388_item","link":"https:\/\/memoriaferroviaria.assis.unesp.br\/colecoes\/colecao-producao-mf\/exame-da-eficacia-dos-usos-culturais-para-antigas-estacoes-ferroviarias-2\/","title":{"rendered":"Exame da efic\u00e1cia dos usos culturais para antigas esta\u00e7\u00f5es ferrovi\u00e1rias"},"content":{"rendered":"","protected":false},"featured_media":0,"parent":0,"menu_order":0,"comment_status":"closed","ping_status":"closed","template":"","format":"standard","class_list":["post-38185","tnc_col_9388_item","type-tnc_col_9388_item","status-publish","format-standard","hentry","tnc_tax_37089-portugues","tnc_tax_26723-santander","tnc_tax_23229-oliveira-eduardo-romero-de","tnc_tax_23229-santos-priscila-kamilynn-araujo-dos","tnc_tax_22577-estacao","tnc_tax_22577-uso-cultural"],"_links":{"self":[{"href":"https:\/\/memoriaferroviaria.assis.unesp.br\/colecoes\/wp-json\/wp\/v2\/tnc_col_9388_item\/38185","targetHints":{"allow":["GET"]}}],"collection":[{"href":"https:\/\/memoriaferroviaria.assis.unesp.br\/colecoes\/wp-json\/wp\/v2\/tnc_col_9388_item"}],"about":[{"href":"https:\/\/memoriaferroviaria.assis.unesp.br\/colecoes\/wp-json\/wp\/v2\/types\/tnc_col_9388_item"}],"replies":[{"embeddable":true,"href":"https:\/\/memoriaferroviaria.assis.unesp.br\/colecoes\/wp-json\/wp\/v2\/comments?post=38185"}],"version-history":[{"count":0,"href":"https:\/\/memoriaferroviaria.assis.unesp.br\/colecoes\/wp-json\/wp\/v2\/tnc_col_9388_item\/38185\/revisions"}],"wp:attachment":[{"href":"https:\/\/memoriaferroviaria.assis.unesp.br\/colecoes\/wp-json\/wp\/v2\/media?parent=38185"}],"curies":[{"name":"wp","href":"https:\/\/api.w.org\/{rel}","templated":true}]}}

Exame da eficácia dos usos culturais para antigas estações ferroviárias
