{"id":38191,"date":"2024-12-10T13:53:36","date_gmt":"2024-12-10T16:53:36","guid":{"rendered":"https:\/\/memoriaferroviaria.assis.unesp.br\/colecoes\/?post_type=tnc_col_9388_item&#038;p=38191"},"modified":"2024-12-10T13:53:38","modified_gmt":"2024-12-10T16:53:38","slug":"protecao-e-uso-do-patrimonio-ferroviario-um-estudo-de-caso-a-partir-das-estacoes-ferroviarias-de-campinas-sao-paulo-sp-2","status":"publish","type":"tnc_col_9388_item","link":"https:\/\/memoriaferroviaria.assis.unesp.br\/colecoes\/colecao-producao-mf\/protecao-e-uso-do-patrimonio-ferroviario-um-estudo-de-caso-a-partir-das-estacoes-ferroviarias-de-campinas-sao-paulo-sp-2\/","title":{"rendered":"Prote\u00e7\u00e3o e uso do patrim\u00f4nio ferrovi\u00e1rio: um estudo de caso a partir das esta\u00e7\u00f5es ferrovi\u00e1rias de Campinas (S\u00e3o Paulo\/SP)"},"content":{"rendered":"","protected":false},"featured_media":0,"parent":0,"menu_order":0,"comment_status":"closed","ping_status":"closed","template":"","format":"standard","class_list":["post-38191","tnc_col_9388_item","type-tnc_col_9388_item","status-publish","format-standard","hentry","tnc_tax_37089-portugues","tnc_tax_23229-oliveira-eduardo-romero","tnc_tax_23229-santos-priscila-kamilynn-araujo-dos","tnc_tax_23208-curso-de-turismo","tnc_tax_22577-estacao","tnc_tax_22577-patrimonio-ferroviario","tnc_tax_22577-preservacao","tnc_tax_22577-sp-campinas","tnc_tax_3241-trabalho-de-conclusao-de-curso-tcc"],"_links":{"self":[{"href":"https:\/\/memoriaferroviaria.assis.unesp.br\/colecoes\/wp-json\/wp\/v2\/tnc_col_9388_item\/38191","targetHints":{"allow":["GET"]}}],"collection":[{"href":"https:\/\/memoriaferroviaria.assis.unesp.br\/colecoes\/wp-json\/wp\/v2\/tnc_col_9388_item"}],"about":[{"href":"https:\/\/memoriaferroviaria.assis.unesp.br\/colecoes\/wp-json\/wp\/v2\/types\/tnc_col_9388_item"}],"replies":[{"embeddable":true,"href":"https:\/\/memoriaferroviaria.assis.unesp.br\/colecoes\/wp-json\/wp\/v2\/comments?post=38191"}],"version-history":[{"count":0,"href":"https:\/\/memoriaferroviaria.assis.unesp.br\/colecoes\/wp-json\/wp\/v2\/tnc_col_9388_item\/38191\/revisions"}],"wp:attachment":[{"href":"https:\/\/memoriaferroviaria.assis.unesp.br\/colecoes\/wp-json\/wp\/v2\/media?parent=38191"}],"curies":[{"name":"wp","href":"https:\/\/api.w.org\/{rel}","templated":true}]}}

Proteção e uso do patrimônio ferroviário: um estudo de caso a partir das estações ferroviárias de Campinas (São Paulo/SP)
