{"id":38231,"date":"2024-12-10T13:54:43","date_gmt":"2024-12-10T16:54:43","guid":{"rendered":"https:\/\/memoriaferroviaria.assis.unesp.br\/colecoes\/?post_type=tnc_col_9388_item&#038;p=38231"},"modified":"2025-05-28T15:15:23","modified_gmt":"2025-05-28T18:15:23","slug":"anais-do-iii-congresso-nacional-para-conservacao-do-patrimonio-industrial-2","status":"publish","type":"tnc_col_9388_item","link":"https:\/\/memoriaferroviaria.assis.unesp.br\/colecoes\/colecao-producao-mf\/anais-do-iii-congresso-nacional-para-conservacao-do-patrimonio-industrial-2\/","title":{"rendered":"Anais do III Congresso Nacional para Conserva\u00e7\u00e3o do Patrim\u00f4nio Industrial"},"content":{"rendered":"","protected":false},"featured_media":41515,"parent":0,"menu_order":0,"comment_status":"closed","ping_status":"closed","template":"","format":"standard","class_list":["post-38231","tnc_col_9388_item","type-tnc_col_9388_item","status-publish","format-standard","has-post-thumbnail","hentry","tnc_tax_37089-portugues","tnc_tax_26723-bauru","tnc_tax_23229-meneguello-cristina","tnc_tax_23229-oksman-silvio","tnc_tax_23229-oliveira-eduardo-romero-de"],"_links":{"self":[{"href":"https:\/\/memoriaferroviaria.assis.unesp.br\/colecoes\/wp-json\/wp\/v2\/tnc_col_9388_item\/38231","targetHints":{"allow":["GET"]}}],"collection":[{"href":"https:\/\/memoriaferroviaria.assis.unesp.br\/colecoes\/wp-json\/wp\/v2\/tnc_col_9388_item"}],"about":[{"href":"https:\/\/memoriaferroviaria.assis.unesp.br\/colecoes\/wp-json\/wp\/v2\/types\/tnc_col_9388_item"}],"replies":[{"embeddable":true,"href":"https:\/\/memoriaferroviaria.assis.unesp.br\/colecoes\/wp-json\/wp\/v2\/comments?post=38231"}],"version-history":[{"count":1,"href":"https:\/\/memoriaferroviaria.assis.unesp.br\/colecoes\/wp-json\/wp\/v2\/tnc_col_9388_item\/38231\/revisions"}],"predecessor-version":[{"id":41511,"href":"https:\/\/memoriaferroviaria.assis.unesp.br\/colecoes\/wp-json\/wp\/v2\/tnc_col_9388_item\/38231\/revisions\/41511"}],"wp:featuredmedia":[{"embeddable":true,"href":"https:\/\/memoriaferroviaria.assis.unesp.br\/colecoes\/wp-json\/wp\/v2\/media\/41515"}],"wp:attachment":[{"href":"https:\/\/memoriaferroviaria.assis.unesp.br\/colecoes\/wp-json\/wp\/v2\/media?parent=38231"}],"curies":[{"name":"wp","href":"https:\/\/api.w.org\/{rel}","templated":true}]}}

Anais do III Congresso Nacional para Conservação do Patrimônio Industrial
