{"id":38327,"date":"2024-12-10T13:56:27","date_gmt":"2024-12-10T16:56:27","guid":{"rendered":"https:\/\/memoriaferroviaria.assis.unesp.br\/colecoes\/?post_type=tnc_col_9388_item&#038;p=38327"},"modified":"2024-12-10T13:56:30","modified_gmt":"2024-12-10T16:56:30","slug":"produzir-energia-pro-mover-o-progresso-o-complexo-hidreletrico-urubupunga-e-os-caminhos-do-setor-energetico","status":"publish","type":"tnc_col_9388_item","link":"https:\/\/memoriaferroviaria.assis.unesp.br\/colecoes\/colecao-producao-mf\/produzir-energia-pro-mover-o-progresso-o-complexo-hidreletrico-urubupunga-e-os-caminhos-do-setor-energetico\/","title":{"rendered":"Produzir energia, (pro) mover o progresso: o Complexo Hidrel\u00e9trico Urubupung\u00e1 e os caminhos do setor energ\u00e9tico"},"content":{"rendered":"<p>Objetiva-se neste trabalho analisar o Complexo Hidrel\u00e9trico Urubupung\u00e1, localizado na regi\u00e3o fronteiri\u00e7a entre os estados de S\u00e3o Paulo e Mato Grosso do Sul, constitu\u00eddo por duas hidrel\u00e9tricas, a Usina Hidrel\u00e9trica Engenheiro Souza Dias (Jupi\u00e1) e a Usina Hidrel\u00e9trica Ilha Solteira. Planejado e executado entre as d\u00e9cadas de 1950 e meados da d\u00e9cada de 1970, este empreendimento consolida-se por meio da cria\u00e7\u00e3o da Comiss\u00e3o Interestadual da Bacia do Paran\u00e1-Uruguai, a CIBPU, projeto de planejamento regional articulado por sete estados nacionais, tendo como influ\u00eancia as experi\u00eancias norte-americanas do Tennessee Valley Authority, TVA. Com o in\u00edcio das obras, a condu\u00e7\u00e3o do empreendimento centraliza cada vez mais novos organismos, como as Centrais El\u00e9tricas de Urubupung\u00e1, CELUSA S\/A e a partir de 1966 as Centrais El\u00e9tricas de S\u00e3o Paulo, CESP, atualmente denominada Companhia Energ\u00e9tica de S\u00e3o Paulo. Tais transforma\u00e7\u00f5es projetam novos interesses de determinados grupos e espa\u00e7os com as potencialidades advindas da produ\u00e7\u00e3o energ\u00e9tica, ampliando diretamente a forma de se pensar como a constitui\u00e7\u00e3o deste complexo atrela-se a determinados projetos pol\u00edticos, econ\u00f4micos e sociais para uma vasta regi\u00e3o do pa\u00eds. Para tal an\u00e1lise, permeado por um debate te\u00f3rico-metodol\u00f3gico entre progresso, desenvolvimento, hist\u00f3ria e mem\u00f3ria, ligados a um corpo documental amplo, de documentos de comiss\u00f5es e empresas, peri\u00f3dicos de circula\u00e7\u00e3o nacional e aparatos audiovisuais, apresentamos como uma s\u00e9rie de narrativas se engendraram na execu\u00e7\u00e3o e no estabelecimento do empreendimento, articulando seu ide\u00e1rio de progresso e uma nova imagem para regi\u00e3o, antes, durante e posteriormente a sua realiza\u00e7\u00e3o. Desta forma, interesses privados, disputas pela legitimidade, pelo poder e, assim, mem\u00f3rias foram gestadas ao longo deste per\u00edodo e marcaram a constru\u00e7\u00e3o do complexo hidrel\u00e9trico at\u00e9 seu t\u00e9rmino na d\u00e9cada de 1970, estabelecendo liga\u00e7\u00f5es com marcos de mem\u00f3ria do passado e deixando desdobramentos para o futuro.<\/p>\n","protected":false},"featured_media":0,"parent":0,"menu_order":0,"comment_status":"closed","ping_status":"closed","template":"","format":"standard","class_list":["post-38327","tnc_col_9388_item","type-tnc_col_9388_item","status-publish","format-standard","hentry","tnc_tax_37089-portugues","tnc_tax_23229-martin-andrey-minin-unesp","tnc_tax_23208-programa-de-pos-graduacao-em-historia","tnc_tax_22577-complexo-urubupunga","tnc_tax_22577-energia-eletrica","tnc_tax_22577-pr-rio-parana","tnc_tax_3241-tese-de-doutorado"],"_links":{"self":[{"href":"https:\/\/memoriaferroviaria.assis.unesp.br\/colecoes\/wp-json\/wp\/v2\/tnc_col_9388_item\/38327","targetHints":{"allow":["GET"]}}],"collection":[{"href":"https:\/\/memoriaferroviaria.assis.unesp.br\/colecoes\/wp-json\/wp\/v2\/tnc_col_9388_item"}],"about":[{"href":"https:\/\/memoriaferroviaria.assis.unesp.br\/colecoes\/wp-json\/wp\/v2\/types\/tnc_col_9388_item"}],"replies":[{"embeddable":true,"href":"https:\/\/memoriaferroviaria.assis.unesp.br\/colecoes\/wp-json\/wp\/v2\/comments?post=38327"}],"version-history":[{"count":0,"href":"https:\/\/memoriaferroviaria.assis.unesp.br\/colecoes\/wp-json\/wp\/v2\/tnc_col_9388_item\/38327\/revisions"}],"wp:attachment":[{"href":"https:\/\/memoriaferroviaria.assis.unesp.br\/colecoes\/wp-json\/wp\/v2\/media?parent=38327"}],"curies":[{"name":"wp","href":"https:\/\/api.w.org\/{rel}","templated":true}]}}

Produzir energia, (pro) mover o progresso: o Complexo Hidrelétrico Urubupungá e os caminhos do setor energético

<p>Objetiva-se neste trabalho analisar o Complexo Hidrelétrico Urubupungá, localizado na região fronteiriça entre os estados de São Paulo e Mato Grosso do Sul, constituído por duas hidrelétricas, a Usina Hidrelétrica Engenheiro Souza Dias (Jupiá) e a Usina Hidrelétrica Ilha Solteira. Planejado e executado entre as décadas de 1950 e meados da década de 1970, este empreendimento consolida-se por meio da criação da Comissão Interestadual da Bacia do Paraná-Uruguai, a CIBPU, projeto de planejamento regional articulado por sete estados nacionais, tendo como influência as experiências norte-americanas do Tennessee Valley Authority, TVA. Com o início das obras, a condução do empreendimento centraliza cada vez mais novos organismos, como as Centrais Elétricas de Urubupungá, CELUSA S/A e a partir de 1966 as Centrais Elétricas de São Paulo, CESP, atualmente denominada Companhia Energética de São Paulo. Tais transformações projetam novos interesses de determinados grupos e espaços com as potencialidades advindas da produção energética, ampliando diretamente a forma de se pensar como a constituição deste complexo atrela-se a determinados projetos políticos, econômicos e sociais para uma vasta região do país. Para tal análise, permeado por um debate teórico-metodológico entre progresso, desenvolvimento, história e memória, ligados a um corpo documental amplo, de documentos de comissões e empresas, periódicos de circulação nacional e aparatos audiovisuais, apresentamos como uma série de narrativas se engendraram na execução e no estabelecimento do empreendimento, articulando seu ideário de progresso e uma nova imagem para região, antes, durante e posteriormente a sua realização. Desta forma, interesses privados, disputas pela legitimidade, pelo poder e, assim, memórias foram gestadas ao longo deste período e marcaram a construção do complexo hidrelétrico até seu término na década de 1970, estabelecendo ligações com marcos de memória do passado e deixando desdobramentos para o futuro.</p>
