{"id":38353,"date":"2024-12-10T13:57:04","date_gmt":"2024-12-10T16:57:04","guid":{"rendered":"https:\/\/memoriaferroviaria.assis.unesp.br\/colecoes\/?post_type=tnc_col_9388_item&#038;p=38353"},"modified":"2025-06-08T19:11:05","modified_gmt":"2025-06-08T22:11:05","slug":"memoria-nos-trilhos-o-patrimonio-ferroviario-e-sua-contribuicao-as-praticas-preservacionistas-brasileiras-na-decada-de-1980","status":"publish","type":"tnc_col_9388_item","link":"https:\/\/memoriaferroviaria.assis.unesp.br\/colecoes\/colecao-producao-mf\/memoria-nos-trilhos-o-patrimonio-ferroviario-e-sua-contribuicao-as-praticas-preservacionistas-brasileiras-na-decada-de-1980\/","title":{"rendered":"Mem\u00f3ria nos trilhos: o patrim\u00f4nio ferrovi\u00e1rio e sua contribui\u00e7\u00e3o \u00e0s pr\u00e1ticas preservacionistas brasileiras na d\u00e9cada de 1980"},"content":{"rendered":"","protected":false},"featured_media":41966,"parent":0,"menu_order":0,"comment_status":"closed","ping_status":"closed","template":"","format":"standard","class_list":["post-38353","tnc_col_9388_item","type-tnc_col_9388_item","status-publish","format-standard","has-post-thumbnail","hentry","tnc_tax_23229-matos-lucina-ferreira","tnc_tax_22577-patrimonio-ferroviario","tnc_tax_22577-politica-de-preservacao","tnc_tax_22577-preserfe","tnc_tax_22577-rede-ferroviaria-federal-s-a"],"_links":{"self":[{"href":"https:\/\/memoriaferroviaria.assis.unesp.br\/colecoes\/wp-json\/wp\/v2\/tnc_col_9388_item\/38353","targetHints":{"allow":["GET"]}}],"collection":[{"href":"https:\/\/memoriaferroviaria.assis.unesp.br\/colecoes\/wp-json\/wp\/v2\/tnc_col_9388_item"}],"about":[{"href":"https:\/\/memoriaferroviaria.assis.unesp.br\/colecoes\/wp-json\/wp\/v2\/types\/tnc_col_9388_item"}],"replies":[{"embeddable":true,"href":"https:\/\/memoriaferroviaria.assis.unesp.br\/colecoes\/wp-json\/wp\/v2\/comments?post=38353"}],"version-history":[{"count":1,"href":"https:\/\/memoriaferroviaria.assis.unesp.br\/colecoes\/wp-json\/wp\/v2\/tnc_col_9388_item\/38353\/revisions"}],"predecessor-version":[{"id":41964,"href":"https:\/\/memoriaferroviaria.assis.unesp.br\/colecoes\/wp-json\/wp\/v2\/tnc_col_9388_item\/38353\/revisions\/41964"}],"wp:featuredmedia":[{"embeddable":true,"href":"https:\/\/memoriaferroviaria.assis.unesp.br\/colecoes\/wp-json\/wp\/v2\/media\/41966"}],"wp:attachment":[{"href":"https:\/\/memoriaferroviaria.assis.unesp.br\/colecoes\/wp-json\/wp\/v2\/media?parent=38353"}],"curies":[{"name":"wp","href":"https:\/\/api.w.org\/{rel}","templated":true}]}}

Memória nos trilhos: o patrimônio ferroviário e sua contribuição às práticas preservacionistas brasileiras na década de 1980
