{"id":38373,"date":"2024-12-10T13:57:28","date_gmt":"2024-12-10T16:57:28","guid":{"rendered":"https:\/\/memoriaferroviaria.assis.unesp.br\/colecoes\/?post_type=tnc_col_9388_item&#038;p=38373"},"modified":"2025-02-02T18:15:24","modified_gmt":"2025-02-02T21:15:24","slug":"memoire-ferroviaire-un-projet-de-long-terme-pour-un-examen-critique-de-lhistoriographie-et-de-lheritage-ferroviaire-au-bresil","status":"publish","type":"tnc_col_9388_item","link":"https:\/\/memoriaferroviaria.assis.unesp.br\/colecoes\/colecao-producao-mf\/memoire-ferroviaire-un-projet-de-long-terme-pour-un-examen-critique-de-lhistoriographie-et-de-lheritage-ferroviaire-au-bresil\/","title":{"rendered":"\u00ab M\u00e9moire ferroviaire \u00bb : un projet de long-terme pour un examen critique de l\u2019historiographie et de l\u2019h\u00e9ritage ferroviaire au Br\u00e9sil"},"content":{"rendered":"<p>Depuis 2014, sous notre coordination et en collaboration avec des chercheurs de plusieurs universit\u00e9s, nous avons choisi une ancienne section d\u2019une exploitation ferroviaire dans l\u2019\u00c9tat de S\u00e3o Paulo au Br\u00e9sil (de Jundia\u00ed \u00e0 Campinas) pour exp\u00e9rimenter de nouvelles m\u00e9thodologies d\u2019enregistrement (de la culture mat\u00e9rielle ou documentaire), \u00e9laborer des lignes directrices de conservation et des instruments de pr\u00e9servation (fonctionnels, potentiels et sensoriels) du patrimoine industriel, \u00e0 partir de diff\u00e9rentes perspectives th\u00e9oriques et m\u00e9thodologiques. Plusieurs disciplines (histoire, arch\u00e9ologie, urbanisme, architecture, anthropologie et tourisme) ont \u00e9t\u00e9 mobilis\u00e9es pour traiter les diff\u00e9rents objectifs li\u00e9s aux \u00e9quipements et sites ferroviaires. Avec une m\u00e9thodologie bas\u00e9e sur le cadre logique (logical framework approach) et la th\u00e9orie interdisciplinaire, nous avons d\u00e9fini des proc\u00e9dures multidisciplinaires d\u2019enregistrement, d\u2019organisation des donn\u00e9es et de r\u00e9cup\u00e9ration d\u2019informations (spatiales et documentaires) sur les vestiges ferroviaires. Les objets choisis doivent \u00eatre soumis \u00e0 l\u2019examen de mod\u00e8les exp\u00e9rimentaux d\u2019enregistrement et de pr\u00e9servation des \u00e9quipements. Notre d\u00e9fi est de mener une analyse multi et interdisciplinaire des \u00e9quipements ferroviaires en relation avec les enjeux de pr\u00e9servation li\u00e9s \u00e0 ce type particulier d\u2019objet. Pour mener \u00e0 bien cette \u00e9tude, l\u2019\u00e9quipe du \u00ab\u00a0Projet m\u00e9moire ferroviaire\u00a0\u00bb est financ\u00e9e par la S\u00e3o Paulo Research Foundation (FAPESP) depuis 2016. Ce format de recherche nous a garanti des r\u00e9sultats modestes \u00e0 court terme (inventaires, \u00e9tudes de cas, th\u00e8ses)\u00a0; cependant, \u00e0 long terme, ils sont significatifs car ils accumulent des donn\u00e9es qui nous permettent d\u2019obtenir des explications plus larges.<\/p>\n","protected":false},"featured_media":40840,"parent":0,"menu_order":0,"comment_status":"closed","ping_status":"closed","template":"","format":"standard","class_list":["post-38373","tnc_col_9388_item","type-tnc_col_9388_item","status-publish","format-standard","has-post-thumbnail","hentry","tnc_tax_37089-frances","tnc_tax_23229-oliveira-eduardo-romero-de","tnc_tax_22577-patrimonio-ferroviario","tnc_tax_22577-patrimonio-industrial","tnc_tax_22577-projeto-memoria-ferroviaria"],"_links":{"self":[{"href":"https:\/\/memoriaferroviaria.assis.unesp.br\/colecoes\/wp-json\/wp\/v2\/tnc_col_9388_item\/38373","targetHints":{"allow":["GET"]}}],"collection":[{"href":"https:\/\/memoriaferroviaria.assis.unesp.br\/colecoes\/wp-json\/wp\/v2\/tnc_col_9388_item"}],"about":[{"href":"https:\/\/memoriaferroviaria.assis.unesp.br\/colecoes\/wp-json\/wp\/v2\/types\/tnc_col_9388_item"}],"replies":[{"embeddable":true,"href":"https:\/\/memoriaferroviaria.assis.unesp.br\/colecoes\/wp-json\/wp\/v2\/comments?post=38373"}],"version-history":[{"count":1,"href":"https:\/\/memoriaferroviaria.assis.unesp.br\/colecoes\/wp-json\/wp\/v2\/tnc_col_9388_item\/38373\/revisions"}],"predecessor-version":[{"id":40838,"href":"https:\/\/memoriaferroviaria.assis.unesp.br\/colecoes\/wp-json\/wp\/v2\/tnc_col_9388_item\/38373\/revisions\/40838"}],"wp:featuredmedia":[{"embeddable":true,"href":"https:\/\/memoriaferroviaria.assis.unesp.br\/colecoes\/wp-json\/wp\/v2\/media\/40840"}],"wp:attachment":[{"href":"https:\/\/memoriaferroviaria.assis.unesp.br\/colecoes\/wp-json\/wp\/v2\/media?parent=38373"}],"curies":[{"name":"wp","href":"https:\/\/api.w.org\/{rel}","templated":true}]}}

« Mémoire ferroviaire » : un projet de long-terme pour un examen critique de l’historiographie et de l’héritage ferroviaire au Brésil

<p>Depuis 2014, sous notre coordination et en collaboration avec des chercheurs de plusieurs universités, nous avons choisi une ancienne section d’une exploitation ferroviaire dans l’État de São Paulo au Brésil (de Jundiaí à Campinas) pour expérimenter de nouvelles méthodologies d’enregistrement (de la culture matérielle ou documentaire), élaborer des lignes directrices de conservation et des instruments de préservation (fonctionnels, potentiels et sensoriels) du patrimoine industriel, à partir de différentes perspectives théoriques et méthodologiques. Plusieurs disciplines (histoire, archéologie, urbanisme, architecture, anthropologie et tourisme) ont été mobilisées pour traiter les différents objectifs liés aux équipements et sites ferroviaires. Avec une méthodologie basée sur le cadre logique (logical framework approach) et la théorie interdisciplinaire, nous avons défini des procédures multidisciplinaires d’enregistrement, d’organisation des données et de récupération d’informations (spatiales et documentaires) sur les vestiges ferroviaires. Les objets choisis doivent être soumis à l’examen de modèles expérimentaux d’enregistrement et de préservation des équipements. Notre défi est de mener une analyse multi et interdisciplinaire des équipements ferroviaires en relation avec les enjeux de préservation liés à ce type particulier d’objet. Pour mener à bien cette étude, l’équipe du « Projet mémoire ferroviaire » est financée par la São Paulo Research Foundation (FAPESP) depuis 2016. Ce format de recherche nous a garanti des résultats modestes à court terme (inventaires, études de cas, thèses) ; cependant, à long terme, ils sont significatifs car ils accumulent des données qui nous permettent d’obtenir des explications plus larges.</p>
