{"id":38374,"date":"2024-12-10T13:57:32","date_gmt":"2024-12-10T16:57:32","guid":{"rendered":"https:\/\/memoriaferroviaria.assis.unesp.br\/colecoes\/?post_type=tnc_col_9388_item&#038;p=38374"},"modified":"2025-06-08T18:38:31","modified_gmt":"2025-06-08T21:38:31","slug":"historia-ferroviaria-e-pesquisa-a-consolidacao-da-tematica-nas-pesquisas-de-pos-graduacao-no-brasil-1972-2016","status":"publish","type":"tnc_col_9388_item","link":"https:\/\/memoriaferroviaria.assis.unesp.br\/colecoes\/colecao-producao-mf\/historia-ferroviaria-e-pesquisa-a-consolidacao-da-tematica-nas-pesquisas-de-pos-graduacao-no-brasil-1972-2016\/","title":{"rendered":"Hist\u00f3ria ferrovi\u00e1ria e Pesquisa: a consolida\u00e7\u00e3o da tem\u00e1tica nas pesquisas de P\u00f3s-gradua\u00e7\u00e3o, no Brasil (1972-2016)"},"content":{"rendered":"<p>Este artigo tem por objetivo apresentar em linhas gerais disserta\u00e7\u00f5es e teses que se dedicaram \u00e0 tem\u00e1tica ferrovia desde a cria\u00e7\u00e3o dos programas de p\u00f3s-gradua\u00e7\u00e3o at\u00e9 os dias atuais, entre os anos de 1972 at\u00e9 2016. Nosso intuito \u00e9 problematizar mudan\u00e7as e influ\u00eancias te\u00f3ricas e metodol\u00f3gicas nos diversos per\u00edodos estipulados para an\u00e1lise e, por conseguinte, tra\u00e7ar um panorama geral dessa produ\u00e7\u00e3o acad\u00eamica, dando \u00eanfase \u00e0s fontes e bases historiogr\u00e1ficas utilizadas, locais de produ\u00e7\u00e3o e interpreta\u00e7\u00e3o\/abordagem da ferrovia enquanto objeto. Por fim, dissertarmos se houve ou n\u00e3o mudan\u00e7as reais nos trabalhos ao longo do per\u00edodo estudado. Utilizamos como fonte as monografias, selecionando-as ap\u00f3s uma leitura pr\u00e9via e escolhendo as que traziam metodologias e problematiza\u00e7\u00f5es ligadas \u00e0 Hist\u00f3ria, mesmo que de outras \u00e1reas (CNPq).<\/p>\n","protected":false},"featured_media":41850,"parent":0,"menu_order":0,"comment_status":"closed","ping_status":"closed","template":"","format":"standard","class_list":["post-38374","tnc_col_9388_item","type-tnc_col_9388_item","status-publish","format-standard","has-post-thumbnail","hentry","tnc_tax_37089-portugues","tnc_tax_23229-correa-lucas-mariani","tnc_tax_23229-oliveira-eduardo-romero-de","tnc_tax_22577-ferrovia","tnc_tax_22577-fonte","tnc_tax_22577-metodologia","tnc_tax_22577-patrimonio-ferroviario","tnc_tax_22577-pos-graduacao","tnc_tax_22577-producao-cientifica","tnc_tax_22577-tese"],"_links":{"self":[{"href":"https:\/\/memoriaferroviaria.assis.unesp.br\/colecoes\/wp-json\/wp\/v2\/tnc_col_9388_item\/38374","targetHints":{"allow":["GET"]}}],"collection":[{"href":"https:\/\/memoriaferroviaria.assis.unesp.br\/colecoes\/wp-json\/wp\/v2\/tnc_col_9388_item"}],"about":[{"href":"https:\/\/memoriaferroviaria.assis.unesp.br\/colecoes\/wp-json\/wp\/v2\/types\/tnc_col_9388_item"}],"replies":[{"embeddable":true,"href":"https:\/\/memoriaferroviaria.assis.unesp.br\/colecoes\/wp-json\/wp\/v2\/comments?post=38374"}],"version-history":[{"count":1,"href":"https:\/\/memoriaferroviaria.assis.unesp.br\/colecoes\/wp-json\/wp\/v2\/tnc_col_9388_item\/38374\/revisions"}],"predecessor-version":[{"id":41848,"href":"https:\/\/memoriaferroviaria.assis.unesp.br\/colecoes\/wp-json\/wp\/v2\/tnc_col_9388_item\/38374\/revisions\/41848"}],"wp:featuredmedia":[{"embeddable":true,"href":"https:\/\/memoriaferroviaria.assis.unesp.br\/colecoes\/wp-json\/wp\/v2\/media\/41850"}],"wp:attachment":[{"href":"https:\/\/memoriaferroviaria.assis.unesp.br\/colecoes\/wp-json\/wp\/v2\/media?parent=38374"}],"curies":[{"name":"wp","href":"https:\/\/api.w.org\/{rel}","templated":true}]}}

História ferroviária e Pesquisa: a consolidação da temática nas pesquisas de Pós-graduação, no Brasil (1972-2016)

<p>Este artigo tem por objetivo apresentar em linhas gerais dissertações e teses que se dedicaram à temática ferrovia desde a criação dos programas de pós-graduação até os dias atuais, entre os anos de 1972 até 2016. Nosso intuito é problematizar mudanças e influências teóricas e metodológicas nos diversos períodos estipulados para análise e, por conseguinte, traçar um panorama geral dessa produção acadêmica, dando ênfase às fontes e bases historiográficas utilizadas, locais de produção e interpretação/abordagem da ferrovia enquanto objeto. Por fim, dissertarmos se houve ou não mudanças reais nos trabalhos ao longo do período estudado. Utilizamos como fonte as monografias, selecionando-as após uma leitura prévia e escolhendo as que traziam metodologias e problematizações ligadas à História, mesmo que de outras áreas (CNPq).</p>
