{"id":38401,"date":"2024-12-10T13:58:11","date_gmt":"2024-12-10T16:58:11","guid":{"rendered":"https:\/\/memoriaferroviaria.assis.unesp.br\/colecoes\/?post_type=tnc_col_9388_item&#038;p=38401"},"modified":"2025-06-08T18:59:56","modified_gmt":"2025-06-08T21:59:56","slug":"memoria-e-patrimonio-ferroviario-estudo-sobre-o-museu-da-companhia-paulista-em-jundiai-sp","status":"publish","type":"tnc_col_9388_item","link":"https:\/\/memoriaferroviaria.assis.unesp.br\/colecoes\/colecao-producao-mf\/memoria-e-patrimonio-ferroviario-estudo-sobre-o-museu-da-companhia-paulista-em-jundiai-sp\/","title":{"rendered":"Mem\u00f3ria e patrim\u00f4nio ferrovi\u00e1rio: estudo sobre o Museu da Companhia Paulista em Jundia\u00ed-SP"},"content":{"rendered":"<p>Esta disserta\u00e7\u00e3o traz para o debate a situa\u00e7\u00e3o do Patrim\u00f4nio Ferrovi\u00e1rio de S\u00e3o Paulo, tendo como objeto central o Museu da Companhia Paulista, situado no Munic\u00edpio de Jundia\u00ed. Esse museu est\u00e1 localizado no Complexo de Oficinas FEPASA, que atualmente \u00e9 um patrim\u00f4nio tombado pelo Instituto do Patrim\u00f4nio Hist\u00f3rico e Art\u00edstico Nacional \u2013 IPHAN. O foco \u00e9 compreender como se deu o processo de patrimonializa\u00e7\u00e3o do museu no per\u00edodo de fal\u00eancia e privatiza\u00e7\u00f5es das ferrovias. Para entender toda essa trama complexa que ser formou ap\u00f3s esse delicado momento das malhas ferrovi\u00e1rias, recorreu-se a diversas fontes documentais que evidenciaram in\u00fameras disputas entre os agentes preservacionistas. Essas fontes foram entrevistas orais realizadas com pessoas envolvidas de alguma forma com a preserva\u00e7\u00e3o do museu, tais como alguns ferrovi\u00e1rios aposentados; Os processos de tombamento tanto do IPHAN, na esfera federal, quanto do Conselho de Defesa do Patrim\u00f4nio Hist\u00f3rico, Arqueol\u00f3gico, Art\u00edstico e Tur\u00edstico \u2013 CONDEPHAAT, na esfera estadual, e diversos materiais encontrados no pr\u00f3prio museu. Com base nesse conjunto documental foi poss\u00edvel compreender quais as dificuldades enfrentadas na preserva\u00e7\u00e3o dos remanescentes ferrovi\u00e1rios ap\u00f3s a liquida\u00e7\u00e3o das empresas f\u00e9rreas, e verificar na pr\u00e1tica como os espa\u00e7os de mem\u00f3rias s\u00e3o, por excel\u00eancia, lugares de conflitos<\/p>\n","protected":false},"featured_media":41911,"parent":0,"menu_order":0,"comment_status":"closed","ping_status":"closed","template":"","format":"standard","class_list":["post-38401","tnc_col_9388_item","type-tnc_col_9388_item","status-publish","format-standard","has-post-thumbnail","hentry","tnc_tax_37089-portugues","tnc_tax_26723-assis","tnc_tax_23229-bartcus-aline-zandra-vieira-unesp","tnc_tax_23208-programa-de-pos-graduacao-em-historia","tnc_tax_22577-companhia-paulista-da-estrada-de-ferro","tnc_tax_22577-museu","tnc_tax_22577-patrimonio-ferroviario"],"_links":{"self":[{"href":"https:\/\/memoriaferroviaria.assis.unesp.br\/colecoes\/wp-json\/wp\/v2\/tnc_col_9388_item\/38401","targetHints":{"allow":["GET"]}}],"collection":[{"href":"https:\/\/memoriaferroviaria.assis.unesp.br\/colecoes\/wp-json\/wp\/v2\/tnc_col_9388_item"}],"about":[{"href":"https:\/\/memoriaferroviaria.assis.unesp.br\/colecoes\/wp-json\/wp\/v2\/types\/tnc_col_9388_item"}],"replies":[{"embeddable":true,"href":"https:\/\/memoriaferroviaria.assis.unesp.br\/colecoes\/wp-json\/wp\/v2\/comments?post=38401"}],"version-history":[{"count":1,"href":"https:\/\/memoriaferroviaria.assis.unesp.br\/colecoes\/wp-json\/wp\/v2\/tnc_col_9388_item\/38401\/revisions"}],"predecessor-version":[{"id":41909,"href":"https:\/\/memoriaferroviaria.assis.unesp.br\/colecoes\/wp-json\/wp\/v2\/tnc_col_9388_item\/38401\/revisions\/41909"}],"wp:featuredmedia":[{"embeddable":true,"href":"https:\/\/memoriaferroviaria.assis.unesp.br\/colecoes\/wp-json\/wp\/v2\/media\/41911"}],"wp:attachment":[{"href":"https:\/\/memoriaferroviaria.assis.unesp.br\/colecoes\/wp-json\/wp\/v2\/media?parent=38401"}],"curies":[{"name":"wp","href":"https:\/\/api.w.org\/{rel}","templated":true}]}}

Memória e patrimônio ferroviário: estudo sobre o Museu da Companhia Paulista em Jundiaí-SP

<p>Esta dissertação traz para o debate a situação do Patrimônio Ferroviário de São Paulo, tendo como objeto central o Museu da Companhia Paulista, situado no Município de Jundiaí. Esse museu está localizado no Complexo de Oficinas FEPASA, que atualmente é um patrimônio tombado pelo Instituto do Patrimônio Histórico e Artístico Nacional – IPHAN. O foco é compreender como se deu o processo de patrimonialização do museu no período de falência e privatizações das ferrovias. Para entender toda essa trama complexa que ser formou após esse delicado momento das malhas ferroviárias, recorreu-se a diversas fontes documentais que evidenciaram inúmeras disputas entre os agentes preservacionistas. Essas fontes foram entrevistas orais realizadas com pessoas envolvidas de alguma forma com a preservação do museu, tais como alguns ferroviários aposentados; Os processos de tombamento tanto do IPHAN, na esfera federal, quanto do Conselho de Defesa do Patrimônio Histórico, Arqueológico, Artístico e Turístico – CONDEPHAAT, na esfera estadual, e diversos materiais encontrados no próprio museu. Com base nesse conjunto documental foi possível compreender quais as dificuldades enfrentadas na preservação dos remanescentes ferroviários após a liquidação das empresas férreas, e verificar na prática como os espaços de memórias são, por excelência, lugares de conflitos</p>
