{"id":38415,"date":"2024-12-10T13:58:27","date_gmt":"2024-12-10T16:58:27","guid":{"rendered":"https:\/\/memoriaferroviaria.assis.unesp.br\/colecoes\/?post_type=tnc_col_9388_item&#038;p=38415"},"modified":"2024-12-10T13:58:29","modified_gmt":"2024-12-10T16:58:29","slug":"publico-e-privado-as-politicas-e-os-planejamentos-da-secretaria-de-agricultura-comercio-e-obras-publicas-em-relacao-a-sorocabana-railway-company","status":"publish","type":"tnc_col_9388_item","link":"https:\/\/memoriaferroviaria.assis.unesp.br\/colecoes\/colecao-producao-mf\/publico-e-privado-as-politicas-e-os-planejamentos-da-secretaria-de-agricultura-comercio-e-obras-publicas-em-relacao-a-sorocabana-railway-company\/","title":{"rendered":"P\u00fablico e privado: as pol\u00edticas e os planejamentos da secretaria de agricultura, com\u00e9rcio e obras p\u00fablicas em rela\u00e7\u00e3o \u00e0 Sorocabana Railway Company"},"content":{"rendered":"<p>Durante os anos iniciais da Primeira Rep\u00fablica, o governo paulista, por meio da Secretaria de Agricultura, Com\u00e9rcio e Obras P\u00fablicas, passou a desenvolver propostas para coordenar as ferrovias e sua expans\u00e3o no estado, em prol de suas diretrizes de ocupa\u00e7\u00e3o do territ\u00f3rio e da dinamiza\u00e7\u00e3o econ\u00f4mica. A Sorocabana Railway Company ser\u00e1 arrendada para um grupo de empres\u00e1rios, para suprir algumas necessidades e alguns planejamentos do governo paulista. Contudo, ocorreram diversas mudan\u00e7as e a empresa volta \u00e0 administra\u00e7\u00e3o p\u00fablica. Visto isso, nossa pesquisa tem por objetivo analisar primeiramente quais eram as propostas e diretrizes da Secretaria de Agricultura para organiza\u00e7\u00e3o e desenvolvimento das ferrovias. Por fim, compreender qual o envolvimento e rela\u00e7\u00e3o da Sorocabana Railway Company com tais diretrizes.<\/p>\n","protected":false},"featured_media":0,"parent":0,"menu_order":0,"comment_status":"closed","ping_status":"closed","template":"","format":"standard","class_list":["post-38415","tnc_col_9388_item","type-tnc_col_9388_item","status-publish","format-standard","hentry","tnc_tax_37089-portugues","tnc_tax_23229-correa-lucas-mariani","tnc_tax_23229-oliveira-eduardo-romero-de","tnc_tax_22577-ferrovia","tnc_tax_22577-seculo-xx","tnc_tax_22577-the-sorocabana-railway-co"],"_links":{"self":[{"href":"https:\/\/memoriaferroviaria.assis.unesp.br\/colecoes\/wp-json\/wp\/v2\/tnc_col_9388_item\/38415","targetHints":{"allow":["GET"]}}],"collection":[{"href":"https:\/\/memoriaferroviaria.assis.unesp.br\/colecoes\/wp-json\/wp\/v2\/tnc_col_9388_item"}],"about":[{"href":"https:\/\/memoriaferroviaria.assis.unesp.br\/colecoes\/wp-json\/wp\/v2\/types\/tnc_col_9388_item"}],"replies":[{"embeddable":true,"href":"https:\/\/memoriaferroviaria.assis.unesp.br\/colecoes\/wp-json\/wp\/v2\/comments?post=38415"}],"version-history":[{"count":0,"href":"https:\/\/memoriaferroviaria.assis.unesp.br\/colecoes\/wp-json\/wp\/v2\/tnc_col_9388_item\/38415\/revisions"}],"wp:attachment":[{"href":"https:\/\/memoriaferroviaria.assis.unesp.br\/colecoes\/wp-json\/wp\/v2\/media?parent=38415"}],"curies":[{"name":"wp","href":"https:\/\/api.w.org\/{rel}","templated":true}]}}

Público e privado: as políticas e os planejamentos da secretaria de agricultura, comércio e obras públicas em relação à Sorocabana Railway Company

<p>Durante os anos iniciais da Primeira República, o governo paulista, por meio da Secretaria de Agricultura, Comércio e Obras Públicas, passou a desenvolver propostas para coordenar as ferrovias e sua expansão no estado, em prol de suas diretrizes de ocupação do território e da dinamização econômica. A Sorocabana Railway Company será arrendada para um grupo de empresários, para suprir algumas necessidades e alguns planejamentos do governo paulista. Contudo, ocorreram diversas mudanças e a empresa volta à administração pública. Visto isso, nossa pesquisa tem por objetivo analisar primeiramente quais eram as propostas e diretrizes da Secretaria de Agricultura para organização e desenvolvimento das ferrovias. Por fim, compreender qual o envolvimento e relação da Sorocabana Railway Company com tais diretrizes.</p>
