{"id":38424,"date":"2024-12-10T13:58:39","date_gmt":"2024-12-10T16:58:39","guid":{"rendered":"https:\/\/memoriaferroviaria.assis.unesp.br\/colecoes\/?post_type=tnc_col_9388_item&#038;p=38424"},"modified":"2024-12-10T13:58:42","modified_gmt":"2024-12-10T16:58:42","slug":"o-centenario-da-ferrovia-brasileira-1954-ensaio-sobre-a-elaboracao-da-memoria-ferroviaria-no-brasil","status":"publish","type":"tnc_col_9388_item","link":"https:\/\/memoriaferroviaria.assis.unesp.br\/colecoes\/colecao-producao-mf\/o-centenario-da-ferrovia-brasileira-1954-ensaio-sobre-a-elaboracao-da-memoria-ferroviaria-no-brasil\/","title":{"rendered":"O centen\u00e1rio da ferrovia brasileira (1954): Ensaio sobre a elabora\u00e7\u00e3o da mem\u00f3ria ferrovi\u00e1ria no Brasil"},"content":{"rendered":"<p>Em 1954, comemorou-se o centen\u00e1rio das ferrovias no Brasil. A data faz alus\u00e3o ao primeiro trecho de 14,5 quil\u00f4metros de via f\u00e9rrea no Brasil (30\/4\/1854), no Rio de Janeiro, entre Mau\u00e1 e Fragoso, da Estrada de Ferro Petr\u00f3polis. Alguns dos textos produzidos e eventos comemorativos indicavam os valores simb\u00f3licos que a ferrovia tomou na percep\u00e7\u00e3o hist\u00f3rica do Brasil. Em primeiro lugar, em 30\/4\/1954 foram declarados como monumentos nacionais o trecho ferrovi\u00e1rio Mau\u00e1-Fragoso e a locomotiva a vapor \u201cBaroneza\u201d, que foi utilizada na via f\u00e9rrea (Decreto n\u00ba 35.447-A, de 30 de abril de 1954). Em segundo lugar, algumas entidades (Clube de Engenharia, Conselho Nacional de Geografia, Minist\u00e9rio da Via\u00e7\u00e3o e Obras P\u00fablicas) destacaram a import\u00e2ncia de celebrar a hist\u00f3ria ferrovi\u00e1ria brasileira e sua signific\u00e2ncia hist\u00f3rica, econ\u00f4mica e geogr\u00e1fica. Em fun\u00e7\u00e3o desta data, alguns eventos tamb\u00e9m ocorreram (festejo das comemora\u00e7\u00f5es de cem anos no Rio de Janeiro e em Recife, em 30\/4\/1954). Dentre o material impresso produzido, ressaltamos o texto I Centen\u00e1rio da Ferrovia Brasileira (1954), lan\u00e7ado pelo Instituto Brasileiro de Geografia e Estat\u00edstica e Conselho Nacional de Geografia. O destaque atribu\u00eddo \u00e0 ferrovia perpassa, por exemplo, a dimens\u00e3o geogr\u00e1fica (expans\u00e3o territorial), mas tamb\u00e9m faz recorrente men\u00e7\u00e3o ao Bar\u00e3o de Mau\u00e1, o fundador da E. F. Petr\u00f3polis. Pretendemos compreender a comemora\u00e7\u00e3o a partir das evoca\u00e7\u00f5es sobre a hist\u00f3ria da ferrovia, com enfoque num rol de ideias que s\u00e3o atribu\u00eddas a ferrovia (e ao Bar\u00e3o de Mau\u00e1) e os bens culturais protegidos (o ramal ferrovi\u00e1rio e a Baroneza). Em fun\u00e7\u00e3o deste exame, buscaremos entender como se reelaborou a mem\u00f3ria ferrovi\u00e1ria em vista destes valores e elementos materiais.<\/p>\n","protected":false},"featured_media":0,"parent":0,"menu_order":0,"comment_status":"closed","ping_status":"closed","template":"","format":"standard","class_list":["post-38424","tnc_col_9388_item","type-tnc_col_9388_item","status-publish","format-standard","hentry","tnc_tax_37089-portugues","tnc_tax_23229-oliveira-eduardo-romero-de","tnc_tax_22577-ferrovia","tnc_tax_22577-memoria","tnc_tax_22577-patrimonio-ferroviario"],"_links":{"self":[{"href":"https:\/\/memoriaferroviaria.assis.unesp.br\/colecoes\/wp-json\/wp\/v2\/tnc_col_9388_item\/38424","targetHints":{"allow":["GET"]}}],"collection":[{"href":"https:\/\/memoriaferroviaria.assis.unesp.br\/colecoes\/wp-json\/wp\/v2\/tnc_col_9388_item"}],"about":[{"href":"https:\/\/memoriaferroviaria.assis.unesp.br\/colecoes\/wp-json\/wp\/v2\/types\/tnc_col_9388_item"}],"replies":[{"embeddable":true,"href":"https:\/\/memoriaferroviaria.assis.unesp.br\/colecoes\/wp-json\/wp\/v2\/comments?post=38424"}],"version-history":[{"count":0,"href":"https:\/\/memoriaferroviaria.assis.unesp.br\/colecoes\/wp-json\/wp\/v2\/tnc_col_9388_item\/38424\/revisions"}],"wp:attachment":[{"href":"https:\/\/memoriaferroviaria.assis.unesp.br\/colecoes\/wp-json\/wp\/v2\/media?parent=38424"}],"curies":[{"name":"wp","href":"https:\/\/api.w.org\/{rel}","templated":true}]}}

O centenário da ferrovia brasileira (1954): Ensaio sobre a elaboração da memória ferroviária no Brasil

<p>Em 1954, comemorou-se o centenário das ferrovias no Brasil. A data faz alusão ao primeiro trecho de 14,5 quilômetros de via férrea no Brasil (30/4/1854), no Rio de Janeiro, entre Mauá e Fragoso, da Estrada de Ferro Petrópolis. Alguns dos textos produzidos e eventos comemorativos indicavam os valores simbólicos que a ferrovia tomou na percepção histórica do Brasil. Em primeiro lugar, em 30/4/1954 foram declarados como monumentos nacionais o trecho ferroviário Mauá-Fragoso e a locomotiva a vapor “Baroneza”, que foi utilizada na via férrea (Decreto nº 35.447-A, de 30 de abril de 1954). Em segundo lugar, algumas entidades (Clube de Engenharia, Conselho Nacional de Geografia, Ministério da Viação e Obras Públicas) destacaram a importância de celebrar a história ferroviária brasileira e sua significância histórica, econômica e geográfica. Em função desta data, alguns eventos também ocorreram (festejo das comemorações de cem anos no Rio de Janeiro e em Recife, em 30/4/1954). Dentre o material impresso produzido, ressaltamos o texto I Centenário da Ferrovia Brasileira (1954), lançado pelo Instituto Brasileiro de Geografia e Estatística e Conselho Nacional de Geografia. O destaque atribuído à ferrovia perpassa, por exemplo, a dimensão geográfica (expansão territorial), mas também faz recorrente menção ao Barão de Mauá, o fundador da E. F. Petrópolis. Pretendemos compreender a comemoração a partir das evocações sobre a história da ferrovia, com enfoque num rol de ideias que são atribuídas a ferrovia (e ao Barão de Mauá) e os bens culturais protegidos (o ramal ferroviário e a Baroneza). Em função deste exame, buscaremos entender como se reelaborou a memória ferroviária em vista destes valores e elementos materiais.</p>
