{"id":38440,"date":"2024-12-10T13:59:02","date_gmt":"2024-12-10T16:59:02","guid":{"rendered":"https:\/\/memoriaferroviaria.assis.unesp.br\/colecoes\/?post_type=tnc_col_9388_item&#038;p=38440"},"modified":"2024-12-10T13:59:04","modified_gmt":"2024-12-10T16:59:04","slug":"analise-comparativa-das-medidas-de-protecao-direcionadas-a-conjuntos-industriais-ferroviarios-em-ambito-nacional-e-internacional","status":"publish","type":"tnc_col_9388_item","link":"https:\/\/memoriaferroviaria.assis.unesp.br\/colecoes\/colecao-producao-mf\/analise-comparativa-das-medidas-de-protecao-direcionadas-a-conjuntos-industriais-ferroviarios-em-ambito-nacional-e-internacional\/","title":{"rendered":"An\u00e1lise comparativa das medidas de prote\u00e7\u00e3o direcionadas a conjuntos industriais ferrovi\u00e1rios em \u00e2mbito nacional e internacional"},"content":{"rendered":"<p>Anais do Simp\u00f3sio Cient\u00edfico 2017 &#8211; ICOMOS BRASIL (978-85-5722-038-6) &#8211; An\u00e1lise Comparativa Das Medidas De Prote\u00e7\u00e3o Direcionadas A Conjuntos Industriais Ferrovi\u00e1rios Em \u00c2mbito Nacional E Internacional<\/p>\n","protected":false},"featured_media":0,"parent":0,"menu_order":0,"comment_status":"closed","ping_status":"closed","template":"","format":"standard","class_list":["post-38440","tnc_col_9388_item","type-tnc_col_9388_item","status-publish","format-standard","hentry","tnc_tax_23229-oliveira-eduardo-romero-de","tnc_tax_23229-silva-rafaela-rogato-rondon","tnc_tax_22577-conjunto-arquitetonico","tnc_tax_22577-diretrizes-de-preservacao","tnc_tax_22577-icomos","tnc_tax_22577-patrimonio-ferroviario","tnc_tax_22577-patrimonio-industrial"],"_links":{"self":[{"href":"https:\/\/memoriaferroviaria.assis.unesp.br\/colecoes\/wp-json\/wp\/v2\/tnc_col_9388_item\/38440","targetHints":{"allow":["GET"]}}],"collection":[{"href":"https:\/\/memoriaferroviaria.assis.unesp.br\/colecoes\/wp-json\/wp\/v2\/tnc_col_9388_item"}],"about":[{"href":"https:\/\/memoriaferroviaria.assis.unesp.br\/colecoes\/wp-json\/wp\/v2\/types\/tnc_col_9388_item"}],"replies":[{"embeddable":true,"href":"https:\/\/memoriaferroviaria.assis.unesp.br\/colecoes\/wp-json\/wp\/v2\/comments?post=38440"}],"version-history":[{"count":0,"href":"https:\/\/memoriaferroviaria.assis.unesp.br\/colecoes\/wp-json\/wp\/v2\/tnc_col_9388_item\/38440\/revisions"}],"wp:attachment":[{"href":"https:\/\/memoriaferroviaria.assis.unesp.br\/colecoes\/wp-json\/wp\/v2\/media?parent=38440"}],"curies":[{"name":"wp","href":"https:\/\/api.w.org\/{rel}","templated":true}]}}

Análise comparativa das medidas de proteção direcionadas a conjuntos industriais ferroviários em âmbito nacional e internacional

<p>Anais do Simpósio Científico 2017 &#8211; ICOMOS BRASIL (978-85-5722-038-6) &#8211; Análise Comparativa Das Medidas De Proteção Direcionadas A Conjuntos Industriais Ferroviários Em Âmbito Nacional E Internacional</p>
