{"id":38444,"date":"2024-12-10T13:59:08","date_gmt":"2024-12-10T16:59:08","guid":{"rendered":"https:\/\/memoriaferroviaria.assis.unesp.br\/colecoes\/?post_type=tnc_col_9388_item&#038;p=38444"},"modified":"2024-12-10T13:59:10","modified_gmt":"2024-12-10T16:59:10","slug":"patrimonio-industrial-ferroviario-em-debate-situacao-no-estado-de-sao-paulo-e-praticas-de-preservacao","status":"publish","type":"tnc_col_9388_item","link":"https:\/\/memoriaferroviaria.assis.unesp.br\/colecoes\/colecao-producao-mf\/patrimonio-industrial-ferroviario-em-debate-situacao-no-estado-de-sao-paulo-e-praticas-de-preservacao\/","title":{"rendered":"Patrim\u00f4nio industrial ferrovi\u00e1rio em debate: situa\u00e7\u00e3o no estado de S\u00e3o Paulo e pr\u00e1ticas de preserva\u00e7\u00e3o"},"content":{"rendered":"<p>Anais do Simp\u00f3sio Cient\u00edfico 2017 &#8211; ICOMOS BRASIL (978-85-5722-038-6) &#8211; Patrim\u00f4niio Industrial Ferrovi\u00e1rio Em Debate: Situa\u00e7\u00e3o  No Estado De S\u00e3o Paulo E Pr\u00e1ticas De Preserva\u00e7\u00e3o<\/p>\n","protected":false},"featured_media":0,"parent":0,"menu_order":0,"comment_status":"closed","ping_status":"closed","template":"","format":"standard","class_list":["post-38444","tnc_col_9388_item","type-tnc_col_9388_item","status-publish","format-standard","hentry","tnc_tax_23229-oliveira-eduardo-romero-de","tnc_tax_23229-santos-priscila-kamilynn-araujo-dos","tnc_tax_22577-patrimonio-ferroviario","tnc_tax_22577-patrimonio-industrial","tnc_tax_22577-preservacao"],"_links":{"self":[{"href":"https:\/\/memoriaferroviaria.assis.unesp.br\/colecoes\/wp-json\/wp\/v2\/tnc_col_9388_item\/38444","targetHints":{"allow":["GET"]}}],"collection":[{"href":"https:\/\/memoriaferroviaria.assis.unesp.br\/colecoes\/wp-json\/wp\/v2\/tnc_col_9388_item"}],"about":[{"href":"https:\/\/memoriaferroviaria.assis.unesp.br\/colecoes\/wp-json\/wp\/v2\/types\/tnc_col_9388_item"}],"replies":[{"embeddable":true,"href":"https:\/\/memoriaferroviaria.assis.unesp.br\/colecoes\/wp-json\/wp\/v2\/comments?post=38444"}],"version-history":[{"count":0,"href":"https:\/\/memoriaferroviaria.assis.unesp.br\/colecoes\/wp-json\/wp\/v2\/tnc_col_9388_item\/38444\/revisions"}],"wp:attachment":[{"href":"https:\/\/memoriaferroviaria.assis.unesp.br\/colecoes\/wp-json\/wp\/v2\/media?parent=38444"}],"curies":[{"name":"wp","href":"https:\/\/api.w.org\/{rel}","templated":true}]}}

Patrimônio industrial ferroviário em debate: situação no estado de São Paulo e práticas de preservação

<p>Anais do Simpósio Científico 2017 &#8211; ICOMOS BRASIL (978-85-5722-038-6) &#8211; Patrimôniio Industrial Ferroviário Em Debate: Situação  No Estado De São Paulo E Práticas De Preservação</p>
