{"id":38497,"date":"2024-12-10T14:00:14","date_gmt":"2024-12-10T17:00:14","guid":{"rendered":"https:\/\/memoriaferroviaria.assis.unesp.br\/colecoes\/?post_type=tnc_col_9388_item&#038;p=38497"},"modified":"2024-12-10T14:00:18","modified_gmt":"2024-12-10T17:00:18","slug":"patrimonio-industrial-ferroviario-em-debate-situacao-no-estado-de-sao-paulo-e-praticas-de-preservacao-2","status":"publish","type":"tnc_col_9388_item","link":"https:\/\/memoriaferroviaria.assis.unesp.br\/colecoes\/colecao-producao-mf\/patrimonio-industrial-ferroviario-em-debate-situacao-no-estado-de-sao-paulo-e-praticas-de-preservacao-2\/","title":{"rendered":"Patrim\u00f4nio industrial ferrovi\u00e1rio em debate: situa\u00e7\u00e3o no Estado de S\u00e3o Paulo e pr\u00e1ticas de preserva\u00e7\u00e3o"},"content":{"rendered":"","protected":false},"featured_media":0,"parent":0,"menu_order":0,"comment_status":"closed","ping_status":"closed","template":"","format":"standard","class_list":["post-38497","tnc_col_9388_item","type-tnc_col_9388_item","status-publish","format-standard","hentry","tnc_tax_37089-portugues","tnc_tax_26723-belo-horizonte","tnc_tax_23229-oliveira-eduardo-romero-de","tnc_tax_23229-santos-priscila-kamilynn-araujo-dos","tnc_tax_22577-patrimonio-ferroviario","tnc_tax_22577-patrimonio-industrial","tnc_tax_22577-preservacao"],"_links":{"self":[{"href":"https:\/\/memoriaferroviaria.assis.unesp.br\/colecoes\/wp-json\/wp\/v2\/tnc_col_9388_item\/38497","targetHints":{"allow":["GET"]}}],"collection":[{"href":"https:\/\/memoriaferroviaria.assis.unesp.br\/colecoes\/wp-json\/wp\/v2\/tnc_col_9388_item"}],"about":[{"href":"https:\/\/memoriaferroviaria.assis.unesp.br\/colecoes\/wp-json\/wp\/v2\/types\/tnc_col_9388_item"}],"replies":[{"embeddable":true,"href":"https:\/\/memoriaferroviaria.assis.unesp.br\/colecoes\/wp-json\/wp\/v2\/comments?post=38497"}],"version-history":[{"count":0,"href":"https:\/\/memoriaferroviaria.assis.unesp.br\/colecoes\/wp-json\/wp\/v2\/tnc_col_9388_item\/38497\/revisions"}],"wp:attachment":[{"href":"https:\/\/memoriaferroviaria.assis.unesp.br\/colecoes\/wp-json\/wp\/v2\/media?parent=38497"}],"curies":[{"name":"wp","href":"https:\/\/api.w.org\/{rel}","templated":true}]}}

Patrimônio industrial ferroviário em debate: situação no Estado de São Paulo e práticas de preservação
