{"id":38561,"date":"2024-12-10T14:02:29","date_gmt":"2024-12-10T17:02:29","guid":{"rendered":"https:\/\/memoriaferroviaria.assis.unesp.br\/colecoes\/?post_type=tnc_col_9388_item&#038;p=38561"},"modified":"2024-12-10T14:02:31","modified_gmt":"2024-12-10T17:02:31","slug":"trens-turisticos-em-sao-paulo-reflexoes-teoricas-sobre-o-papel-da-associacao-brasileira-de-preservacao-ferroviaria-abpf","status":"publish","type":"tnc_col_9388_item","link":"https:\/\/memoriaferroviaria.assis.unesp.br\/colecoes\/colecao-producao-mf\/trens-turisticos-em-sao-paulo-reflexoes-teoricas-sobre-o-papel-da-associacao-brasileira-de-preservacao-ferroviaria-abpf\/","title":{"rendered":"Trens Tur\u00edsticos em S\u00e3o Paulo: reflex\u00f5es te\u00f3ricas sobre o papel da Associa\u00e7\u00e3o Brasileira de Preserva\u00e7\u00e3o Ferrovi\u00e1ria (ABPF)"},"content":{"rendered":"<p>Atualmente, o Estado de S\u00e3o Paulo conta com seis trens tur\u00edsticos ativos. Entre estes, a Associa\u00e7\u00e3o Brasileira de Preserva\u00e7\u00e3o Ferrovi\u00e1ria (ABPF) \u00e9 respons\u00e1vel pela opera\u00e7\u00e3o de quatro servi\u00e7os. Al\u00e9m da opera\u00e7\u00e3o ferrovi\u00e1ria, o grupo tem sido mencionado em a\u00e7\u00f5es relacionadas \u00e0 preserva\u00e7\u00e3o e implanta\u00e7\u00e3o de novos projetos. Desta forma, o objetivo \u00e9 compreender o papel da Associa\u00e7\u00e3o na preserva\u00e7\u00e3o e usos atuais do patrim\u00f4nio ferrovi\u00e1rio, especificamente, na opera\u00e7\u00e3o de trens tur\u00edsticos em S\u00e3o Paulo. Para isso, utilizamos fontes bibliogr\u00e1ficas e documentais, em especial, as publica\u00e7\u00f5es da ABPF na Revista Ferrovia. Entre os resultados, destacamos a aproxima\u00e7\u00e3o entre a proposta original da ABPF e os trens tur\u00edsticos atuais, al\u00e9m da elabora\u00e7\u00e3o do mapa dos trens tur\u00edsticos em S\u00e3o Paulo.<\/p>\n","protected":false},"featured_media":0,"parent":0,"menu_order":0,"comment_status":"closed","ping_status":"closed","template":"","format":"standard","class_list":["post-38561","tnc_col_9388_item","type-tnc_col_9388_item","status-publish","format-standard","hentry","tnc_tax_37089-portugues","tnc_tax_23229-moraes-ewerton-henrique","tnc_tax_23229-oliveira-eduardo-romero-de","tnc_tax_22577-ferrovia","tnc_tax_22577-patrimonio-ferroviario","tnc_tax_22577-trem-turistico","tnc_tax_22577-turismo","tnc_tax_22577-turismo-ferroviario","tnc_tax_22577-turismo-industrial"],"_links":{"self":[{"href":"https:\/\/memoriaferroviaria.assis.unesp.br\/colecoes\/wp-json\/wp\/v2\/tnc_col_9388_item\/38561","targetHints":{"allow":["GET"]}}],"collection":[{"href":"https:\/\/memoriaferroviaria.assis.unesp.br\/colecoes\/wp-json\/wp\/v2\/tnc_col_9388_item"}],"about":[{"href":"https:\/\/memoriaferroviaria.assis.unesp.br\/colecoes\/wp-json\/wp\/v2\/types\/tnc_col_9388_item"}],"replies":[{"embeddable":true,"href":"https:\/\/memoriaferroviaria.assis.unesp.br\/colecoes\/wp-json\/wp\/v2\/comments?post=38561"}],"version-history":[{"count":0,"href":"https:\/\/memoriaferroviaria.assis.unesp.br\/colecoes\/wp-json\/wp\/v2\/tnc_col_9388_item\/38561\/revisions"}],"wp:attachment":[{"href":"https:\/\/memoriaferroviaria.assis.unesp.br\/colecoes\/wp-json\/wp\/v2\/media?parent=38561"}],"curies":[{"name":"wp","href":"https:\/\/api.w.org\/{rel}","templated":true}]}}

Trens Turísticos em São Paulo: reflexões teóricas sobre o papel da Associação Brasileira de Preservação Ferroviária (ABPF)

<p>Atualmente, o Estado de São Paulo conta com seis trens turísticos ativos. Entre estes, a Associação Brasileira de Preservação Ferroviária (ABPF) é responsável pela operação de quatro serviços. Além da operação ferroviária, o grupo tem sido mencionado em ações relacionadas à preservação e implantação de novos projetos. Desta forma, o objetivo é compreender o papel da Associação na preservação e usos atuais do patrimônio ferroviário, especificamente, na operação de trens turísticos em São Paulo. Para isso, utilizamos fontes bibliográficas e documentais, em especial, as publicações da ABPF na Revista Ferrovia. Entre os resultados, destacamos a aproximação entre a proposta original da ABPF e os trens turísticos atuais, além da elaboração do mapa dos trens turísticos em São Paulo.</p>
