{"id":38563,"date":"2024-12-10T14:02:39","date_gmt":"2024-12-10T17:02:39","guid":{"rendered":"https:\/\/memoriaferroviaria.assis.unesp.br\/colecoes\/?post_type=tnc_col_9388_item&#038;p=38563"},"modified":"2025-02-02T18:24:45","modified_gmt":"2025-02-02T21:24:45","slug":"a-cultura-industrial-como-heranca-questoes-sobre-o-reconhecimento-de-um-patrimonio-da-industrializacao-tardia-no-brasil","status":"publish","type":"tnc_col_9388_item","link":"https:\/\/memoriaferroviaria.assis.unesp.br\/colecoes\/colecao-producao-mf\/a-cultura-industrial-como-heranca-questoes-sobre-o-reconhecimento-de-um-patrimonio-da-industrializacao-tardia-no-brasil\/","title":{"rendered":"A cultura industrial como heran\u00e7a: quest\u00f5es sobre o reconhecimento de um patrim\u00f4nio da industrializa\u00e7\u00e3o \u201ctardia\u201d no Brasil"},"content":{"rendered":"<p>O objetivo deste artigo e refletir sobre a natureza do patrim\u00f4nio industrial no Brasil, pois defendemos que sua identifica\u00e7\u00e3o ser\u00e1 muito facilitada por investiga\u00e7\u00f5es hist\u00f3rico\u2011arqueol\u00f3gicas rigorosas e atentas ao contexto da industrializa\u00e7\u00e3o no Brasil. Para o desenvolvimento desta argumenta\u00e7\u00e3o, cabe primeiramente uma pequena revis\u00e3o cr\u00edtica sobre quais os exemplos de bens industriais j\u00e1 protegidos no \u00e2mbito nacional. Em seguida, algumas considera\u00e7\u00f5es sobre a natureza de n\u00facleos industriais no Brasil e implica\u00e7\u00f5es a sua prote\u00e7\u00e3o e, por fim, conclu\u00edmos sobre as perspectivas sobre o reconhecimento de prote\u00e7\u00e3o do patrim\u00f4nio industrial. Assim, nosso artigo contribui ao reiterar o valor hist\u00f3rico do patrim\u00f4nio industrial no Brasil, desde que ele represente vest\u00edgios de uma industrializa\u00e7\u00e3o, de suas particularidades na instaura\u00e7\u00e3o de uma sociedade industrial e suas peculiaridades socioecon\u00f4micas, culturais e tecnol\u00f3gicas.PALAVRAS-CHAVE: Arqueologia industrial. Brasil. Industrializa\u00e7\u00e3o. N\u00facleos industriais. Patrim\u00f4nio industrial.<\/p>\n","protected":false},"featured_media":40864,"parent":0,"menu_order":0,"comment_status":"closed","ping_status":"closed","template":"","format":"standard","class_list":["post-38563","tnc_col_9388_item","type-tnc_col_9388_item","status-publish","format-standard","has-post-thumbnail","hentry","tnc_tax_37089-portugues","tnc_tax_23229-oliveira-eduardo-romero-de","tnc_tax_22577-arqueologia-industrial","tnc_tax_22577-brasil","tnc_tax_22577-industrializacao","tnc_tax_22577-nucleo-fabril","tnc_tax_22577-nucleo-industrial","tnc_tax_22577-patrimonio-industrial"],"_links":{"self":[{"href":"https:\/\/memoriaferroviaria.assis.unesp.br\/colecoes\/wp-json\/wp\/v2\/tnc_col_9388_item\/38563","targetHints":{"allow":["GET"]}}],"collection":[{"href":"https:\/\/memoriaferroviaria.assis.unesp.br\/colecoes\/wp-json\/wp\/v2\/tnc_col_9388_item"}],"about":[{"href":"https:\/\/memoriaferroviaria.assis.unesp.br\/colecoes\/wp-json\/wp\/v2\/types\/tnc_col_9388_item"}],"replies":[{"embeddable":true,"href":"https:\/\/memoriaferroviaria.assis.unesp.br\/colecoes\/wp-json\/wp\/v2\/comments?post=38563"}],"version-history":[{"count":1,"href":"https:\/\/memoriaferroviaria.assis.unesp.br\/colecoes\/wp-json\/wp\/v2\/tnc_col_9388_item\/38563\/revisions"}],"predecessor-version":[{"id":40862,"href":"https:\/\/memoriaferroviaria.assis.unesp.br\/colecoes\/wp-json\/wp\/v2\/tnc_col_9388_item\/38563\/revisions\/40862"}],"wp:featuredmedia":[{"embeddable":true,"href":"https:\/\/memoriaferroviaria.assis.unesp.br\/colecoes\/wp-json\/wp\/v2\/media\/40864"}],"wp:attachment":[{"href":"https:\/\/memoriaferroviaria.assis.unesp.br\/colecoes\/wp-json\/wp\/v2\/media?parent=38563"}],"curies":[{"name":"wp","href":"https:\/\/api.w.org\/{rel}","templated":true}]}}

A cultura industrial como herança: questões sobre o reconhecimento de um patrimônio da industrialização “tardia” no Brasil

<p>O objetivo deste artigo e refletir sobre a natureza do patrimônio industrial no Brasil, pois defendemos que sua identificação será muito facilitada por investigações histórico‑arqueológicas rigorosas e atentas ao contexto da industrialização no Brasil. Para o desenvolvimento desta argumentação, cabe primeiramente uma pequena revisão crítica sobre quais os exemplos de bens industriais já protegidos no âmbito nacional. Em seguida, algumas considerações sobre a natureza de núcleos industriais no Brasil e implicações a sua proteção e, por fim, concluímos sobre as perspectivas sobre o reconhecimento de proteção do patrimônio industrial. Assim, nosso artigo contribui ao reiterar o valor histórico do patrimônio industrial no Brasil, desde que ele represente vestígios de uma industrialização, de suas particularidades na instauração de uma sociedade industrial e suas peculiaridades socioeconômicas, culturais e tecnológicas.PALAVRAS-CHAVE: Arqueologia industrial. Brasil. Industrialização. Núcleos industriais. Patrimônio industrial.</p>
