{"id":38564,"date":"2024-12-10T14:02:42","date_gmt":"2024-12-10T17:02:42","guid":{"rendered":"https:\/\/memoriaferroviaria.assis.unesp.br\/colecoes\/?post_type=tnc_col_9388_item&#038;p=38564"},"modified":"2024-12-10T14:02:44","modified_gmt":"2024-12-10T17:02:44","slug":"salvaguarda-de-conjuntos-ferroviarios-paulistas-analise-da-preservacao-e-reutilizacao","status":"publish","type":"tnc_col_9388_item","link":"https:\/\/memoriaferroviaria.assis.unesp.br\/colecoes\/colecao-producao-mf\/salvaguarda-de-conjuntos-ferroviarios-paulistas-analise-da-preservacao-e-reutilizacao\/","title":{"rendered":"Salvaguarda de conjuntos ferrovi\u00e1rios paulistas: an\u00e1lise da preserva\u00e7\u00e3o e reutiliza\u00e7\u00e3o"},"content":{"rendered":"","protected":false},"featured_media":0,"parent":0,"menu_order":0,"comment_status":"closed","ping_status":"closed","template":"","format":"standard","class_list":["post-38564","tnc_col_9388_item","type-tnc_col_9388_item","status-publish","format-standard","hentry","tnc_tax_37089-portugues","tnc_tax_26723-sao-paulo","tnc_tax_23229-oliveira-eduardo-romero-de","tnc_tax_23229-santos-priscila-kamilynn-araujo-dos","tnc_tax_23229-silva-rafaela-rogato-rondon","tnc_tax_22577-conjunto-arquitetonico","tnc_tax_22577-patrimonio-ferroviario","tnc_tax_22577-preservacao","tnc_tax_22577-revitalizacao"],"_links":{"self":[{"href":"https:\/\/memoriaferroviaria.assis.unesp.br\/colecoes\/wp-json\/wp\/v2\/tnc_col_9388_item\/38564","targetHints":{"allow":["GET"]}}],"collection":[{"href":"https:\/\/memoriaferroviaria.assis.unesp.br\/colecoes\/wp-json\/wp\/v2\/tnc_col_9388_item"}],"about":[{"href":"https:\/\/memoriaferroviaria.assis.unesp.br\/colecoes\/wp-json\/wp\/v2\/types\/tnc_col_9388_item"}],"replies":[{"embeddable":true,"href":"https:\/\/memoriaferroviaria.assis.unesp.br\/colecoes\/wp-json\/wp\/v2\/comments?post=38564"}],"version-history":[{"count":0,"href":"https:\/\/memoriaferroviaria.assis.unesp.br\/colecoes\/wp-json\/wp\/v2\/tnc_col_9388_item\/38564\/revisions"}],"wp:attachment":[{"href":"https:\/\/memoriaferroviaria.assis.unesp.br\/colecoes\/wp-json\/wp\/v2\/media?parent=38564"}],"curies":[{"name":"wp","href":"https:\/\/api.w.org\/{rel}","templated":true}]}}

Salvaguarda de conjuntos ferroviários paulistas: análise da preservação e reutilização
