{"id":38565,"date":"2024-12-10T14:02:45","date_gmt":"2024-12-10T17:02:45","guid":{"rendered":"https:\/\/memoriaferroviaria.assis.unesp.br\/colecoes\/?post_type=tnc_col_9388_item&#038;p=38565"},"modified":"2025-05-28T15:25:56","modified_gmt":"2025-05-28T18:25:56","slug":"analise-da-paisagem-industrial-um-estudo-dos-remanescentes-ferroviarios-de-rio-claro","status":"publish","type":"tnc_col_9388_item","link":"https:\/\/memoriaferroviaria.assis.unesp.br\/colecoes\/colecao-producao-mf\/analise-da-paisagem-industrial-um-estudo-dos-remanescentes-ferroviarios-de-rio-claro\/","title":{"rendered":"An\u00e1lise da paisagem industrial: um estudo dos remanescentes ferrovi\u00e1rios de Rio Claro"},"content":{"rendered":"<p>Esta pesquisa prop\u00f4s analisar os remanescentes ferrovi\u00e1rios de Rio Claro &#8211; SP pela perspectiva te\u00f3rico-metodol\u00f3gico da paisagem, em fun\u00e7\u00e3o da insufici\u00eancia nas prote\u00e7\u00f5es jur\u00eddicas pontuais de dois dos bens &#8211; esta\u00e7\u00e3o ferrovi\u00e1ria e antigo horto florestal -. Para tanto, foi realizado um invent\u00e1rio das camadas de tr\u00eas unidades paisag\u00edsticas que formam a paisagem industrial. A primeira unidade faz refer\u00eancia \u00e0s defini\u00e7\u00f5es te\u00f3ricos-metodol\u00f3gicas sobre a origem, desenvolvimento e aplica\u00e7\u00e3o dos termos relacionados ao patrim\u00f4nio ferrovi\u00e1rio e \u00e0 paisagem. Na segunda unidade ocorreu a obten\u00e7\u00e3o das camadas hist\u00f3ricas, arqueol\u00f3gicas, sociais e simb\u00f3licas referentes \u00e0s \u00e1reas, espa\u00e7os e edifica\u00e7\u00f5es ferrovi\u00e1rias do antigo sistema de transporte. Portanto, foram realizados invent\u00e1rios te\u00f3ricos, de campo e cartogr\u00e1ficos, sistematizados e organizados em representa\u00e7\u00f5es gr\u00e1ficas com o uso da ferramenta de geoprocessamento, avan\u00e7ando de maneira significativa na obten\u00e7\u00e3o e an\u00e1lise da dimens\u00e3o simb\u00f3lica da paisagem, com aplica\u00e7\u00e3o da t\u00e9cnica do AVP associada ao SIG com a realiza\u00e7\u00e3o de mapas de valores dos remanescentes ferrovi\u00e1rios. A terceira e \u00faltima unidade da paisagem retrata a identifica\u00e7\u00e3o das pol\u00edticas urban\u00edsticas, tur\u00edsticas e patrimoniais incidentes na paisagem, que em quest\u00e3o, n\u00e3o fazem a gest\u00e3o dos bens ferrovi\u00e1rios enquanto uma paisagem \u00fanica e integrada. Desse modo, a pesquisa avan\u00e7a nos estudos paisag\u00edsticos para a preserva\u00e7\u00e3o do patrim\u00f4nio ferrovi\u00e1rio desde suas \u00e1reas, espa\u00e7os e estruturas arquitet\u00f4nicas, at\u00e9 os valores a eles associados pela comunidade e seus usu\u00e1rios.<\/p>\n","protected":false},"featured_media":41539,"parent":0,"menu_order":0,"comment_status":"closed","ping_status":"closed","template":"","format":"standard","class_list":["post-38565","tnc_col_9388_item","type-tnc_col_9388_item","status-publish","format-standard","has-post-thumbnail","hentry","tnc_tax_37089-portugues","tnc_tax_26723-bauru","tnc_tax_23229-goncalves-ana-paula-marques","tnc_tax_23229-oliveira-eduardo-romero-de","tnc_tax_23208-programa-de-pos-graduacao-em-arquitetura-e-urbanismo","tnc_tax_22577-paisagem-industrial","tnc_tax_22577-patrimonio-cultural","tnc_tax_22577-patrimonio-ferroviario","tnc_tax_22577-sp-rio-claro","tnc_tax_3241-dissertacao-de-mestrado"],"_links":{"self":[{"href":"https:\/\/memoriaferroviaria.assis.unesp.br\/colecoes\/wp-json\/wp\/v2\/tnc_col_9388_item\/38565","targetHints":{"allow":["GET"]}}],"collection":[{"href":"https:\/\/memoriaferroviaria.assis.unesp.br\/colecoes\/wp-json\/wp\/v2\/tnc_col_9388_item"}],"about":[{"href":"https:\/\/memoriaferroviaria.assis.unesp.br\/colecoes\/wp-json\/wp\/v2\/types\/tnc_col_9388_item"}],"replies":[{"embeddable":true,"href":"https:\/\/memoriaferroviaria.assis.unesp.br\/colecoes\/wp-json\/wp\/v2\/comments?post=38565"}],"version-history":[{"count":1,"href":"https:\/\/memoriaferroviaria.assis.unesp.br\/colecoes\/wp-json\/wp\/v2\/tnc_col_9388_item\/38565\/revisions"}],"predecessor-version":[{"id":41537,"href":"https:\/\/memoriaferroviaria.assis.unesp.br\/colecoes\/wp-json\/wp\/v2\/tnc_col_9388_item\/38565\/revisions\/41537"}],"wp:featuredmedia":[{"embeddable":true,"href":"https:\/\/memoriaferroviaria.assis.unesp.br\/colecoes\/wp-json\/wp\/v2\/media\/41539"}],"wp:attachment":[{"href":"https:\/\/memoriaferroviaria.assis.unesp.br\/colecoes\/wp-json\/wp\/v2\/media?parent=38565"}],"curies":[{"name":"wp","href":"https:\/\/api.w.org\/{rel}","templated":true}]}}

Análise da paisagem industrial: um estudo dos remanescentes ferroviários de Rio Claro

<p>Esta pesquisa propôs analisar os remanescentes ferroviários de Rio Claro &#8211; SP pela perspectiva teórico-metodológico da paisagem, em função da insuficiência nas proteções jurídicas pontuais de dois dos bens &#8211; estação ferroviária e antigo horto florestal -. Para tanto, foi realizado um inventário das camadas de três unidades paisagísticas que formam a paisagem industrial. A primeira unidade faz referência às definições teóricos-metodológicas sobre a origem, desenvolvimento e aplicação dos termos relacionados ao patrimônio ferroviário e à paisagem. Na segunda unidade ocorreu a obtenção das camadas históricas, arqueológicas, sociais e simbólicas referentes às áreas, espaços e edificações ferroviárias do antigo sistema de transporte. Portanto, foram realizados inventários teóricos, de campo e cartográficos, sistematizados e organizados em representações gráficas com o uso da ferramenta de geoprocessamento, avançando de maneira significativa na obtenção e análise da dimensão simbólica da paisagem, com aplicação da técnica do AVP associada ao SIG com a realização de mapas de valores dos remanescentes ferroviários. A terceira e última unidade da paisagem retrata a identificação das políticas urbanísticas, turísticas e patrimoniais incidentes na paisagem, que em questão, não fazem a gestão dos bens ferroviários enquanto uma paisagem única e integrada. Desse modo, a pesquisa avança nos estudos paisagísticos para a preservação do patrimônio ferroviário desde suas áreas, espaços e estruturas arquitetônicas, até os valores a eles associados pela comunidade e seus usuários.</p>
