{"id":38572,"date":"2024-12-10T14:02:57","date_gmt":"2024-12-10T17:02:57","guid":{"rendered":"https:\/\/memoriaferroviaria.assis.unesp.br\/colecoes\/?post_type=tnc_col_9388_item&#038;p=38572"},"modified":"2025-06-08T19:09:55","modified_gmt":"2025-06-08T22:09:55","slug":"memoria-ferroviaria-um-projeto-de-revisao-critica-da-memoria-histori-ca-sobre-a-ferrovia-em-sao-paulo-e-seu-valor-patrimonial","status":"publish","type":"tnc_col_9388_item","link":"https:\/\/memoriaferroviaria.assis.unesp.br\/colecoes\/colecao-producao-mf\/memoria-ferroviaria-um-projeto-de-revisao-critica-da-memoria-histori-ca-sobre-a-ferrovia-em-sao-paulo-e-seu-valor-patrimonial\/","title":{"rendered":"Mem\u00f3ria Ferrovi\u00e1ria: um projeto de revis\u00e3o cr\u00edtica da mem\u00f3ria hist\u00f3ri- ca sobre a ferrovia em S\u00e3o Paulo e seu valor patrimonial"},"content":{"rendered":"","protected":false},"featured_media":41960,"parent":0,"menu_order":0,"comment_status":"closed","ping_status":"closed","template":"","format":"standard","class_list":["post-38572","tnc_col_9388_item","type-tnc_col_9388_item","status-publish","format-standard","has-post-thumbnail","hentry","tnc_tax_26723-campinas","tnc_tax_23229-oliveira-eduardo-romero-de"],"_links":{"self":[{"href":"https:\/\/memoriaferroviaria.assis.unesp.br\/colecoes\/wp-json\/wp\/v2\/tnc_col_9388_item\/38572","targetHints":{"allow":["GET"]}}],"collection":[{"href":"https:\/\/memoriaferroviaria.assis.unesp.br\/colecoes\/wp-json\/wp\/v2\/tnc_col_9388_item"}],"about":[{"href":"https:\/\/memoriaferroviaria.assis.unesp.br\/colecoes\/wp-json\/wp\/v2\/types\/tnc_col_9388_item"}],"replies":[{"embeddable":true,"href":"https:\/\/memoriaferroviaria.assis.unesp.br\/colecoes\/wp-json\/wp\/v2\/comments?post=38572"}],"version-history":[{"count":1,"href":"https:\/\/memoriaferroviaria.assis.unesp.br\/colecoes\/wp-json\/wp\/v2\/tnc_col_9388_item\/38572\/revisions"}],"predecessor-version":[{"id":41958,"href":"https:\/\/memoriaferroviaria.assis.unesp.br\/colecoes\/wp-json\/wp\/v2\/tnc_col_9388_item\/38572\/revisions\/41958"}],"wp:featuredmedia":[{"embeddable":true,"href":"https:\/\/memoriaferroviaria.assis.unesp.br\/colecoes\/wp-json\/wp\/v2\/media\/41960"}],"wp:attachment":[{"href":"https:\/\/memoriaferroviaria.assis.unesp.br\/colecoes\/wp-json\/wp\/v2\/media?parent=38572"}],"curies":[{"name":"wp","href":"https:\/\/api.w.org\/{rel}","templated":true}]}}

Memória Ferroviária: um projeto de revisão crítica da memória históri- ca sobre a ferrovia em São Paulo e seu valor patrimonial
