{"id":38656,"date":"2024-12-10T14:06:38","date_gmt":"2024-12-10T17:06:38","guid":{"rendered":"https:\/\/memoriaferroviaria.assis.unesp.br\/colecoes\/?post_type=tnc_col_9388_item&#038;p=38656"},"modified":"2025-06-05T15:27:16","modified_gmt":"2025-06-05T18:27:16","slug":"diretrizes-para-preservacao-do-patrimonio-industrial-vila-ferroviaria-de-mairinque-sp-2","status":"publish","type":"tnc_col_9388_item","link":"https:\/\/memoriaferroviaria.assis.unesp.br\/colecoes\/colecao-producao-mf\/diretrizes-para-preservacao-do-patrimonio-industrial-vila-ferroviaria-de-mairinque-sp-2\/","title":{"rendered":"Diretrizes para preserva\u00e7\u00e3o do patrim\u00f4nio industrial. Vila Ferrovi\u00e1ria de Mairinque \/ SP"},"content":{"rendered":"<p>Esta investigaci\u00f3n propone el estudio y an\u00e1lisis del conjunto ferroviario situado en la ciudad de Mairinque. Entre los edificios que a\u00fan prevalecen dese pueblo, fundado en 1890, est\u00e1n las casas, talleres, almac\u00e9n, vivero de \u00e1rboles y estaci\u00f3n. Por lo tanto, tratamos de entender la relaci\u00f3n entre los inmuebles, que ayuda a definir la relaci\u00f3n entre la ciudad y el viejo sistema ferroviario, a trav\u00e9s de la identificaci\u00f3n y el an\u00e1lisis de la configuraci\u00f3n urbana ocupada por este conjunto, las acciones intervencionistas y los v\u00ednculos existentes entre los inmuebles, con el fin de entender se la realidad de estos espacios industriales est\u00e1n de acuerdo con las directrices de preservaci\u00f3n para conjuntos patrimoniales. Por lo tanto, la metodolog\u00eda de trabajo elegida incluye inventario y cartograf\u00eda, investigaci\u00f3n documental y bibliogr\u00e1fica, entrevistas y an\u00e1lisis de los datos recogidos, teniendo en cuenta que los conjuntos ferroviarios deben preservarse con base en las directrices patrimoniales capaces de crear una relaci\u00f3n entre la ciudad actual y el antiguo conjunto.<\/p>\n","protected":false},"featured_media":41692,"parent":0,"menu_order":0,"comment_status":"closed","ping_status":"closed","template":"","format":"standard","class_list":["post-38656","tnc_col_9388_item","type-tnc_col_9388_item","status-publish","format-standard","has-post-thumbnail","hentry","tnc_tax_37089-portugues","tnc_tax_23229-oliveira-eduardo-romero-de","tnc_tax_23229-silva-rafaela-rogato","tnc_tax_22577-diretrizes-de-preservacao","tnc_tax_22577-patrimonio-ferroviario","tnc_tax_22577-patrimonio-industrial","tnc_tax_22577-preservacao","tnc_tax_22577-sp-mairinque-2"],"_links":{"self":[{"href":"https:\/\/memoriaferroviaria.assis.unesp.br\/colecoes\/wp-json\/wp\/v2\/tnc_col_9388_item\/38656","targetHints":{"allow":["GET"]}}],"collection":[{"href":"https:\/\/memoriaferroviaria.assis.unesp.br\/colecoes\/wp-json\/wp\/v2\/tnc_col_9388_item"}],"about":[{"href":"https:\/\/memoriaferroviaria.assis.unesp.br\/colecoes\/wp-json\/wp\/v2\/types\/tnc_col_9388_item"}],"replies":[{"embeddable":true,"href":"https:\/\/memoriaferroviaria.assis.unesp.br\/colecoes\/wp-json\/wp\/v2\/comments?post=38656"}],"version-history":[{"count":1,"href":"https:\/\/memoriaferroviaria.assis.unesp.br\/colecoes\/wp-json\/wp\/v2\/tnc_col_9388_item\/38656\/revisions"}],"predecessor-version":[{"id":41690,"href":"https:\/\/memoriaferroviaria.assis.unesp.br\/colecoes\/wp-json\/wp\/v2\/tnc_col_9388_item\/38656\/revisions\/41690"}],"wp:featuredmedia":[{"embeddable":true,"href":"https:\/\/memoriaferroviaria.assis.unesp.br\/colecoes\/wp-json\/wp\/v2\/media\/41692"}],"wp:attachment":[{"href":"https:\/\/memoriaferroviaria.assis.unesp.br\/colecoes\/wp-json\/wp\/v2\/media?parent=38656"}],"curies":[{"name":"wp","href":"https:\/\/api.w.org\/{rel}","templated":true}]}}

Diretrizes para preservação do patrimônio industrial. Vila Ferroviária de Mairinque / SP

<p>Esta investigación propone el estudio y análisis del conjunto ferroviario situado en la ciudad de Mairinque. Entre los edificios que aún prevalecen dese pueblo, fundado en 1890, están las casas, talleres, almacén, vivero de árboles y estación. Por lo tanto, tratamos de entender la relación entre los inmuebles, que ayuda a definir la relación entre la ciudad y el viejo sistema ferroviario, a través de la identificación y el análisis de la configuración urbana ocupada por este conjunto, las acciones intervencionistas y los vínculos existentes entre los inmuebles, con el fin de entender se la realidad de estos espacios industriales están de acuerdo con las directrices de preservación para conjuntos patrimoniales. Por lo tanto, la metodología de trabajo elegida incluye inventario y cartografía, investigación documental y bibliográfica, entrevistas y análisis de los datos recogidos, teniendo en cuenta que los conjuntos ferroviarios deben preservarse con base en las directrices patrimoniales capaces de crear una relación entre la ciudad actual y el antiguo conjunto.</p>
