{"id":1827,"date":"2018-12-24T10:30:01","date_gmt":"2018-12-24T12:30:01","guid":{"rendered":"https:\/\/memoriaferroviaria.rosana.unesp.br\/?page_id=1827"},"modified":"2022-10-10T18:39:08","modified_gmt":"2022-10-10T21:39:08","slug":"relatorios-da-companhia-uniao-sorocabana-e-ituana-1892-1903","status":"publish","type":"page","link":"https:\/\/memoriaferroviaria.assis.unesp.br\/?page_id=1827","title":{"rendered":"Relat\u00f3rios da Companhia Uni\u00e3o Sorocabana e Ituana (1892-1903)"},"content":{"rendered":"\n<figure class=\"wp-block-table is-style-stripes\"><table><tbody><tr><td><strong>Ano<\/strong><\/td><td><strong>Relat\u00f3rio<\/strong><\/td><\/tr><tr><td><a href=\"http:\/\/200.145.60.31\/memoriaferroviaria\/documentos\/COMPANHIA%20SOROCABANA%20ITUANA%20ESTRADA%20DE%20FERRO\/BR_APESP_003REL_CSIEF_1897.pdf\" target=\"_blank\" rel=\"noreferrer noopener\">1897<\/a><\/td><td><a href=\"https:\/\/memoriaferroviaria.assis.unesp.br\/memoriaferroviaria\/documentos\/COMPANHIA%20SOROCABANA%20ITUANA%20ESTRADA%20DE%20FERRO\/BR_APESP_003REL_CSIEF_1897.pdf\" target=\"_blank\" rel=\"noreferrer noopener\">Relatorio da Directoria da Companhia Uniao Sorocabana e Ituana apresentado \u00e1 Assembleia Geral de Accionistas em Sess\u00e3o de\u00a0 10 de fevereiro\u00a0 de 1897<\/a><\/td><\/tr><tr><td><a href=\"http:\/\/200.145.60.31\/memoriaferroviaria\/documentos\/COMPANHIA%20SOROCABANA%20ITUANA%20ESTRADA%20DE%20FERRO\/BR_APESP_003REL_CSIEF_1898.pdf\" target=\"_blank\" rel=\"noreferrer noopener\">1898<\/a><\/td><td><a href=\"https:\/\/memoriaferroviaria.assis.unesp.br\/memoriaferroviaria\/documentos\/COMPANHIA%20SOROCABANA%20ITUANA%20ESTRADA%20DE%20FERRO\/BR_APESP_003REL_CSIEF_1898.pdf\" target=\"_blank\" rel=\"noreferrer noopener\">Relatorio da Directoria da Companhia Uniao Sorocabana e Ituana apresentado \u00e1 Assembleia Geral de Accionistas em Sess\u00e3o de\u00a0 02 de maio de 1898<\/a><\/td><\/tr><tr><td><a href=\"http:\/\/200.145.60.31\/memoriaferroviaria\/documentos\/COMPANHIA%20SOROCABANA%20ITUANA%20ESTRADA%20DE%20FERRO\/BR_APESP_003REL_CSIEF_1900.pdf\" target=\"_blank\" rel=\"noreferrer noopener\">1900<\/a><\/td><td><a href=\"https:\/\/memoriaferroviaria.assis.unesp.br\/memoriaferroviaria\/documentos\/COMPANHIA%20SOROCABANA%20ITUANA%20ESTRADA%20DE%20FERRO\/BR_APESP_003REL_CSIEF_1900.pdf\" target=\"_blank\" rel=\"noreferrer noopener\">Relatorio da Directoria da Companhia Uniao Sorocabana Ituana apresentado \u00e1 Assembleia Geral de Accionistas em Sess\u00e3o de\u00a0 16 de agosto de 1900<\/a><\/td><\/tr><tr><td><a href=\"http:\/\/200.145.60.31\/memoriaferroviaria\/documentos\/COMPANHIA%20SOROCABANA%20ITUANA%20ESTRADA%20DE%20FERRO\/BR_APESP_003REL_CSIEF_1902.pdf\" target=\"_blank\" rel=\"noreferrer noopener\">1902<\/a><\/td><td><a href=\"https:\/\/memoriaferroviaria.assis.unesp.br\/memoriaferroviaria\/documentos\/COMPANHIA%20SOROCABANA%20ITUANA%20ESTRADA%20DE%20FERRO\/BR_APESP_003REL_CSIEF_1902.pdf\" target=\"_blank\" rel=\"noreferrer noopener\">Relatorio da Directoria da Companhia Uniao Sorocabana Ituana apresentado \u00e1 Assembleia Geral de Accionistas em Sess\u00e3o de\u00a0 11 de janeiros de 1902<\/a><\/td><\/tr><tr><td><a href=\"http:\/\/200.145.60.31\/memoriaferroviaria\/documentos\/COMPANHIA%20SOROCABANA%20ITUANA%20ESTRADA%20DE%20FERRO\/BR_APESP_003REL_CSIEF_1904.pdf\" target=\"_blank\" rel=\"noreferrer noopener\">1904<\/a><\/td><td><a href=\"https:\/\/memoriaferroviaria.assis.unesp.br\/memoriaferroviaria\/documentos\/COMPANHIA%20SOROCABANA%20ITUANA%20ESTRADA%20DE%20FERRO\/BR_APESP_003REL_CSIEF_1904.pdf\" target=\"_blank\" rel=\"noreferrer noopener\">Relatorio apresentado pela Superintendencias aos Syndicos da liquida\u00e7\u00e3o for\u00e7ada anno de 1904<\/a><\/td><\/tr><\/tbody><\/table><\/figure>\n","protected":false},"excerpt":{"rendered":"<p>Ano Relat\u00f3rio 1897 Relatorio da Directoria da Companhia Uniao Sorocabana e Ituana apresentado \u00e1 Assembleia Geral de Accionistas em Sess\u00e3o de\u00a0 10 de fevereiro\u00a0 de 1897 1898 Relatorio da Directoria da Companhia Uniao Sorocabana e Ituana apresentado \u00e1 Assembleia Geral de Accionistas em Sess\u00e3o de\u00a0 02 de maio de 1898<a class=\"more-link\" href=\"https:\/\/memoriaferroviaria.assis.unesp.br\/?page_id=1827\">Read More &rarr;<\/a><\/p>\n","protected":false},"author":2,"featured_media":0,"parent":1762,"menu_order":0,"comment_status":"closed","ping_status":"closed","template":"","meta":{"_exactmetrics_skip_tracking":false,"_exactmetrics_sitenote_active":false,"_exactmetrics_sitenote_note":"","_exactmetrics_sitenote_category":0,"footnotes":""},"class_list":["entry","page","publish","author-eduardo_romero","post-1827"],"_links":{"self":[{"href":"https:\/\/memoriaferroviaria.assis.unesp.br\/index.php?rest_route=\/wp\/v2\/pages\/1827","targetHints":{"allow":["GET"]}}],"collection":[{"href":"https:\/\/memoriaferroviaria.assis.unesp.br\/index.php?rest_route=\/wp\/v2\/pages"}],"about":[{"href":"https:\/\/memoriaferroviaria.assis.unesp.br\/index.php?rest_route=\/wp\/v2\/types\/page"}],"author":[{"embeddable":true,"href":"https:\/\/memoriaferroviaria.assis.unesp.br\/index.php?rest_route=\/wp\/v2\/users\/2"}],"replies":[{"embeddable":true,"href":"https:\/\/memoriaferroviaria.assis.unesp.br\/index.php?rest_route=%2Fwp%2Fv2%2Fcomments&post=1827"}],"version-history":[{"count":4,"href":"https:\/\/memoriaferroviaria.assis.unesp.br\/index.php?rest_route=\/wp\/v2\/pages\/1827\/revisions"}],"predecessor-version":[{"id":4235,"href":"https:\/\/memoriaferroviaria.assis.unesp.br\/index.php?rest_route=\/wp\/v2\/pages\/1827\/revisions\/4235"}],"up":[{"embeddable":true,"href":"https:\/\/memoriaferroviaria.assis.unesp.br\/index.php?rest_route=\/wp\/v2\/pages\/1762"}],"wp:attachment":[{"href":"https:\/\/memoriaferroviaria.assis.unesp.br\/index.php?rest_route=%2Fwp%2Fv2%2Fmedia&parent=1827"}],"curies":[{"name":"wp","href":"https:\/\/api.w.org\/{rel}","templated":true}]}}