{"id":2415,"date":"2019-07-25T22:17:29","date_gmt":"2019-07-26T01:17:29","guid":{"rendered":"https:\/\/memoriaferroviaria.rosana.unesp.br\/?page_id=2415"},"modified":"2024-10-26T14:33:32","modified_gmt":"2024-10-26T17:33:32","slug":"vii-congresso-da-associacao-internacional-de-historia-ferroviaria-os-legados-para-nosso-futuro","status":"publish","type":"page","link":"https:\/\/memoriaferroviaria.assis.unesp.br\/?page_id=2415","title":{"rendered":"V Congresso Internacional de Hist\u00f3ria e Patrim\u00f4nio Ferrovi\u00e1rio \u201cOs legados para nosso futuro\u201d e IV Jornada de Jovens Pesquisadores em Hist\u00f3ria e Patrim\u00f4nio Ferrovi\u00e1rio"},"content":{"rendered":"\n<p>O <strong>V Congresso Internacional de Hist\u00f3ria e Patrim\u00f4nio Ferrovi\u00e1rio \u201cOs legados para nosso futuro\u201d <\/strong>e a<strong> \u201cIV Jornada de Jovens Pesquisadores em Hist\u00f3ria e Patrim\u00f4nio Ferrovi\u00e1rio <\/strong>ser\u00e3o realizados, respectivamente, nos dias 09, 10 e 11 de setembro de 2020 de forma Online.<\/p>\n\n\n\n<p>A hist\u00f3ria e o patrim\u00f4nio ferrovi\u00e1rio j\u00e1 foram tema de outros eventos internacionais apoiados pelo TICCIH e outras representa\u00e7\u00f5es nacionais latino-americanas, dentre os quais os VI Semin\u00e1rio de Patrim\u00f4nio Ferrovi\u00e1rio (2012) e o congresso de Hist\u00f3ria Ferrovi\u00e1ria organizado por TICCIH\/Argentina (Mendoza, 2017). O congresso da AIHC j\u00e1 tinha ocorrido na Am\u00e9rica Latina, com apoio do TICCIH\/Chile (Santiago do Chile, 2015). Para o mesmo tema, o TICCIH e a AIHC apoiam nossa iniciativa de promover o V Congresso Internacional de Hist\u00f3ria e Patrim\u00f4nio Ferrovi\u00e1rio em Campinas, em 2020, a fim de discutir quest\u00f5es sobre preserva\u00e7\u00e3o relevantes aos pa\u00edses em desenvolvimento: gest\u00e3o territorial,&nbsp;&nbsp;educa\u00e7\u00e3o&nbsp;&nbsp;e comunica\u00e7\u00e3o patrimonial.<\/p>\n\n\n\n<p>A realiza\u00e7\u00e3o do&nbsp;<strong>V Congresso Internacional de Hist\u00f3ria e Patrim\u00f4nio Ferrovi\u00e1rio \u201cOs legados para nosso futuro\u201d&nbsp;<\/strong>e a<strong>&nbsp;\u201cIV Jornada de Jovens Pesquisadores em Hist\u00f3ria e Patrim\u00f4nio Ferrovi\u00e1rio<\/strong>&nbsp;s\u00e3o uma iniciativa conjunta do Grupo de Pesquisa Mem\u00f3ria Ferrovi\u00e1ria \/ Universidade Estadual Paulista -UNESP e do Grupo de Pesquisa Patrim\u00f4nio, Pol\u00edticas de Preserva\u00e7\u00e3o e Gest\u00e3o Territorial do PosUrb-Arq da Pontificia Universidade Cat\u00f3lica de Campinas, no estado de S\u00e3o Paulo.<\/p>\n\n\n\n<p>O&nbsp;<strong>V Congresso<\/strong>&nbsp;visa promover a discuss\u00e3o sobre o papel do patrim\u00f4nio do transporte ferrovi\u00e1rio na atualidade, em particular nos pa\u00edses da Am\u00e9rica Latina. O evento contar\u00e1 com v\u00e1rios temas e espera contribui\u00e7\u00f5es que apontem os avan\u00e7os na pesquisa, na gest\u00e3o da preserva\u00e7\u00e3o e uso dos bens ferrovi\u00e1rios e a import\u00e2ncia desses bens patrimoniais para o desenvolvimento social.<\/p>\n\n\n\n<p>Concomitantemente \u00e0 programa\u00e7\u00e3o do Congresso, a <strong>IV Jornada de Jovens Pesquisadores<\/strong>  visa difundir os resultados cient\u00edficos alcan\u00e7ados por pesquisadores em n\u00edvel de gradua\u00e7\u00e3o e p\u00f3s-gradua\u00e7\u00e3o em investiga\u00e7\u00f5es sobre hist\u00f3ria ferrovi\u00e1ria, estudos urban\u00edsticos e de preserva\u00e7\u00e3o do patrim\u00f4nio industrial ferrovi\u00e1rio. O evento procura estimular a forma\u00e7\u00e3o de recursos humanos e futuros pesquisadores de forma a dar continuidade aos estudos interdisciplinares nesta \u00e1rea.<\/p>\n\n\n\n<p>O evento \u00e9 principalmente dirigido ao p\u00fablico composto por pesquisadores e estudantes (p\u00f3s-graduandos e graduandos), profissionais do campo da preserva\u00e7\u00e3o e gest\u00e3o do patrim\u00f4nio e demais interessados em hist\u00f3ria, arquitetura, urbanismo e patrim\u00f4nio ferrovi\u00e1rio.<\/p>\n\n\n\n<p><strong>Idioma oficial:&nbsp;<\/strong>os idiomas oficiais de ambos os eventos ser\u00e3o o portugu\u00eas, espanhol e ingl\u00eas.<\/p>\n\n\n\n<p><a href=\"https:\/\/memoriaferroviaria.assis.unesp.br\/?page_id=2417\">Tem\u00e1tica<\/a><\/p>\n\n\n\n<p><a href=\"https:\/\/memoriaferroviaria.assis.unesp.br\/?page_id=2661\" data-type=\"URL\" data-id=\"https:\/\/memoriaferroviaria.assis.unesp.br\/?page_id=2661\">Programa<\/a><\/p>\n\n\n\n<p><a href=\"https:\/\/www.calameo.com\/read\/0077521567d3f16c9e15b\" target=\"_blank\" rel=\"noreferrer noopener\">Caderno de Resumos<\/a><\/p>\n\n\n\n<p><a href=\"https:\/\/memoriaferroviaria.assis.unesp.br\/?page_id=2878\">Principais d\u00favidas<\/a><\/p>\n\n\n\n<p><a href=\"https:\/\/memoriaferroviaria.assis.unesp.br\/?page_id=2693\" data-type=\"URL\" data-id=\"https:\/\/memoriaferroviaria.assis.unesp.br\/?page_id=2693\">Comit\u00eas Cient\u00edficos<\/a><\/p>\n\n\n\n<p><a href=\"https:\/\/memoriaferroviaria.assis.unesp.br\/?page_id=2455\">Realiza\u00e7\u00e3o e Apoio<\/a><\/p>\n\n\n\n<figure class=\"wp-block-image\"><img fetchpriority=\"high\" decoding=\"async\" width=\"943\" height=\"96\" src=\"https:\/\/memoriaferroviaria.rosana.unesp.br\/wp-content\/uploads\/2020\/01\/Bottom-pt-final-1.png\" alt=\"\" class=\"wp-image-2963\" srcset=\"https:\/\/memoriaferroviaria.assis.unesp.br\/wp-content\/uploads\/2020\/01\/Bottom-pt-final-1.png 943w, https:\/\/memoriaferroviaria.assis.unesp.br\/wp-content\/uploads\/2020\/01\/Bottom-pt-final-1-300x31.png 300w, https:\/\/memoriaferroviaria.assis.unesp.br\/wp-content\/uploads\/2020\/01\/Bottom-pt-final-1-768x78.png 768w, https:\/\/memoriaferroviaria.assis.unesp.br\/wp-content\/uploads\/2020\/01\/Bottom-pt-final-1-425x43.png 425w\" sizes=\"(max-width: 943px) 100vw, 943px\" \/><\/figure>\n","protected":false},"excerpt":{"rendered":"<p>O V Congresso Internacional de Hist\u00f3ria e Patrim\u00f4nio Ferrovi\u00e1rio \u201cOs legados para nosso futuro\u201d e a \u201cIV Jornada de Jovens Pesquisadores em Hist\u00f3ria e Patrim\u00f4nio Ferrovi\u00e1rio ser\u00e3o realizados, respectivamente, nos dias 09, 10 e 11 de setembro de 2020 de forma Online. A hist\u00f3ria e o patrim\u00f4nio ferrovi\u00e1rio j\u00e1 foram<a class=\"more-link\" href=\"https:\/\/memoriaferroviaria.assis.unesp.br\/?page_id=2415\">Read More &rarr;<\/a><\/p>\n","protected":false},"author":2,"featured_media":0,"parent":0,"menu_order":0,"comment_status":"closed","ping_status":"closed","template":"","meta":{"_exactmetrics_skip_tracking":false,"_exactmetrics_sitenote_active":false,"_exactmetrics_sitenote_note":"","_exactmetrics_sitenote_category":0,"footnotes":""},"class_list":["entry","page","publish","author-eduardo_romero","post-2415"],"_links":{"self":[{"href":"https:\/\/memoriaferroviaria.assis.unesp.br\/index.php?rest_route=\/wp\/v2\/pages\/2415","targetHints":{"allow":["GET"]}}],"collection":[{"href":"https:\/\/memoriaferroviaria.assis.unesp.br\/index.php?rest_route=\/wp\/v2\/pages"}],"about":[{"href":"https:\/\/memoriaferroviaria.assis.unesp.br\/index.php?rest_route=\/wp\/v2\/types\/page"}],"author":[{"embeddable":true,"href":"https:\/\/memoriaferroviaria.assis.unesp.br\/index.php?rest_route=\/wp\/v2\/users\/2"}],"replies":[{"embeddable":true,"href":"https:\/\/memoriaferroviaria.assis.unesp.br\/index.php?rest_route=%2Fwp%2Fv2%2Fcomments&post=2415"}],"version-history":[{"count":33,"href":"https:\/\/memoriaferroviaria.assis.unesp.br\/index.php?rest_route=\/wp\/v2\/pages\/2415\/revisions"}],"predecessor-version":[{"id":4535,"href":"https:\/\/memoriaferroviaria.assis.unesp.br\/index.php?rest_route=\/wp\/v2\/pages\/2415\/revisions\/4535"}],"wp:attachment":[{"href":"https:\/\/memoriaferroviaria.assis.unesp.br\/index.php?rest_route=%2Fwp%2Fv2%2Fmedia&parent=2415"}],"curies":[{"name":"wp","href":"https:\/\/api.w.org\/{rel}","templated":true}]}}