{"id":4570,"date":"2025-02-22T16:41:19","date_gmt":"2025-02-22T19:41:19","guid":{"rendered":"http:\/\/200.145.161.16\/?page_id=4570"},"modified":"2025-02-22T17:16:01","modified_gmt":"2025-02-22T20:16:01","slug":"eventos-academicos","status":"publish","type":"page","link":"https:\/\/memoriaferroviaria.assis.unesp.br\/?page_id=4570","title":{"rendered":"Eventos Acad\u00eamicos"},"content":{"rendered":"\n<figure class=\"wp-block-embed aligncenter is-type-wp-embed is-provider-projeto-memoria-ferroviaria wp-block-embed-projeto-memoria-ferroviaria\"><div class=\"wp-block-embed__wrapper\">\n<blockquote class=\"wp-embedded-content\" data-secret=\"Qc4tdBMORD\"><a href=\"https:\/\/memoriaferroviaria.assis.unesp.br\/?p=4362\">\u00a0IV Congresso Nacional para Conserva\u00e7\u00e3o do Patrim\u00f4nio Industrial &#038; VII Jornada de Jovens Pesquisadores<\/a><\/blockquote><iframe class=\"wp-embedded-content\" sandbox=\"allow-scripts\" security=\"restricted\" style=\"position: absolute; clip: rect(1px, 1px, 1px, 1px);\" title=\"&#8220;\u00a0IV Congresso Nacional para Conserva\u00e7\u00e3o do Patrim\u00f4nio Industrial &#038; VII Jornada de Jovens Pesquisadores&#8221; &#8212; Projeto Mem\u00f3ria Ferrovi\u00e1ria\" src=\"https:\/\/memoriaferroviaria.assis.unesp.br\/?p=4362&#038;embed=true#?secret=Gr9L7zWOTp#?secret=Qc4tdBMORD\" data-secret=\"Qc4tdBMORD\" width=\"600\" height=\"338\" frameborder=\"0\" marginwidth=\"0\" marginheight=\"0\" scrolling=\"no\"><\/iframe>\n<\/div><\/figure>\n\n\n\n<figure class=\"wp-block-embed aligncenter is-type-wp-embed is-provider-ticcih-brasil wp-block-embed-ticcih-brasil\"><div class=\"wp-block-embed__wrapper\">\n<blockquote class=\"wp-embedded-content\" data-secret=\"xpjoo90yFh\"><a href=\"https:\/\/ticcihbrasil.org.br\/iii-congresso-nacional-para-conservacao-do-patrimonio-industrial\/\">III Congresso Nacional para Conserva\u00e7\u00e3o do Patrim\u00f4nio Industrial<\/a><\/blockquote><iframe class=\"wp-embedded-content\" sandbox=\"allow-scripts\" security=\"restricted\" style=\"position: absolute; clip: rect(1px, 1px, 1px, 1px);\" title=\"&#8220;III Congresso Nacional para Conserva\u00e7\u00e3o do Patrim\u00f4nio Industrial&#8221; &#8212; TICCIH Brasil\" src=\"https:\/\/ticcihbrasil.org.br\/iii-congresso-nacional-para-conservacao-do-patrimonio-industrial\/embed\/#?secret=2PoKMstEO2#?secret=xpjoo90yFh\" data-secret=\"xpjoo90yFh\" width=\"600\" height=\"338\" frameborder=\"0\" marginwidth=\"0\" marginheight=\"0\" scrolling=\"no\"><\/iframe>\n<\/div><\/figure>\n\n\n\n<figure class=\"wp-block-embed aligncenter is-type-wp-embed is-provider-projeto-memoria-ferroviaria wp-block-embed-projeto-memoria-ferroviaria\"><div class=\"wp-block-embed__wrapper\">\n<blockquote class=\"wp-embedded-content\" data-secret=\"4cYQ6gbL6Q\"><a href=\"https:\/\/memoriaferroviaria.assis.unesp.br\/?p=4251\">VI Jornada de Jovens Pesquisadores em Hist\u00f3ria e Patrim\u00f4nio Ferrovi\u00e1rio<\/a><\/blockquote><iframe class=\"wp-embedded-content\" sandbox=\"allow-scripts\" security=\"restricted\" style=\"position: absolute; clip: rect(1px, 1px, 1px, 1px);\" title=\"&#8220;VI Jornada de Jovens Pesquisadores em Hist\u00f3ria e Patrim\u00f4nio Ferrovi\u00e1rio&#8221; &#8212; Projeto Mem\u00f3ria Ferrovi\u00e1ria\" src=\"https:\/\/memoriaferroviaria.assis.unesp.br\/?p=4251&#038;embed=true#?secret=h1v6Y8YktG#?secret=4cYQ6gbL6Q\" data-secret=\"4cYQ6gbL6Q\" width=\"600\" height=\"338\" frameborder=\"0\" marginwidth=\"0\" marginheight=\"0\" scrolling=\"no\"><\/iframe>\n<\/div><\/figure>\n\n\n\n<figure class=\"wp-block-embed aligncenter is-type-wp-embed is-provider-projeto-memoria-ferroviaria wp-block-embed-projeto-memoria-ferroviaria\"><div class=\"wp-block-embed__wrapper\">\n<blockquote class=\"wp-embedded-content\" data-secret=\"7UWQslCAPZ\"><a href=\"https:\/\/memoriaferroviaria.assis.unesp.br\/?p=4073\">V Jornada de Jovens Pesquisadores em Hist\u00f3ria e Patrim\u00f4nio Ferrovi\u00e1rio<\/a><\/blockquote><iframe class=\"wp-embedded-content\" sandbox=\"allow-scripts\" security=\"restricted\" style=\"position: absolute; clip: rect(1px, 1px, 1px, 1px);\" title=\"&#8220;V Jornada de Jovens Pesquisadores em Hist\u00f3ria e Patrim\u00f4nio Ferrovi\u00e1rio&#8221; &#8212; Projeto Mem\u00f3ria Ferrovi\u00e1ria\" src=\"https:\/\/memoriaferroviaria.assis.unesp.br\/?p=4073&#038;embed=true#?secret=6EVQM3MJYe#?secret=7UWQslCAPZ\" data-secret=\"7UWQslCAPZ\" width=\"600\" height=\"338\" frameborder=\"0\" marginwidth=\"0\" marginheight=\"0\" scrolling=\"no\"><\/iframe>\n<\/div><\/figure>\n\n\n\n<figure class=\"wp-block-embed aligncenter is-type-wp-embed is-provider-projeto-memoria-ferroviaria wp-block-embed-projeto-memoria-ferroviaria\"><div class=\"wp-block-embed__wrapper\">\n<blockquote class=\"wp-embedded-content\" data-secret=\"ZBnWZOOp4h\"><a href=\"https:\/\/memoriaferroviaria.assis.unesp.br\/?page_id=2415\">V Congresso Internacional de Hist\u00f3ria e Patrim\u00f4nio Ferrovi\u00e1rio \u201cOs legados para nosso futuro\u201d e IV Jornada de Jovens Pesquisadores em Hist\u00f3ria e Patrim\u00f4nio Ferrovi\u00e1rio<\/a><\/blockquote><iframe class=\"wp-embedded-content\" sandbox=\"allow-scripts\" security=\"restricted\" style=\"position: absolute; clip: rect(1px, 1px, 1px, 1px);\" title=\"&#8220;V Congresso Internacional de Hist\u00f3ria e Patrim\u00f4nio Ferrovi\u00e1rio \u201cOs legados para nosso futuro\u201d e IV Jornada de Jovens Pesquisadores em Hist\u00f3ria e Patrim\u00f4nio Ferrovi\u00e1rio&#8221; &#8212; Projeto Mem\u00f3ria Ferrovi\u00e1ria\" src=\"https:\/\/memoriaferroviaria.assis.unesp.br\/?page_id=2415&#038;embed=true#?secret=YTQoDaa5Ph#?secret=ZBnWZOOp4h\" data-secret=\"ZBnWZOOp4h\" width=\"600\" height=\"338\" frameborder=\"0\" marginwidth=\"0\" marginheight=\"0\" scrolling=\"no\"><\/iframe>\n<\/div><\/figure>\n\n\n\n<figure class=\"wp-block-embed aligncenter is-type-wp-embed is-provider-projeto-memoria-ferroviaria wp-block-embed-projeto-memoria-ferroviaria\"><div class=\"wp-block-embed__wrapper\">\n<blockquote class=\"wp-embedded-content\" data-secret=\"zUVmMhB7pp\"><a href=\"https:\/\/memoriaferroviaria.assis.unesp.br\/?p=2110\">III Jornada de Jovens Pesquisadores<\/a><\/blockquote><iframe class=\"wp-embedded-content\" sandbox=\"allow-scripts\" security=\"restricted\" style=\"position: absolute; clip: rect(1px, 1px, 1px, 1px);\" title=\"&#8220;III Jornada de Jovens Pesquisadores&#8221; &#8212; Projeto Mem\u00f3ria Ferrovi\u00e1ria\" src=\"https:\/\/memoriaferroviaria.assis.unesp.br\/?p=2110&#038;embed=true#?secret=Y2SMDL55pm#?secret=zUVmMhB7pp\" data-secret=\"zUVmMhB7pp\" width=\"600\" height=\"338\" frameborder=\"0\" marginwidth=\"0\" marginheight=\"0\" scrolling=\"no\"><\/iframe>\n<\/div><\/figure>\n","protected":false},"excerpt":{"rendered":"<p><a class=\"more-link\" href=\"https:\/\/memoriaferroviaria.assis.unesp.br\/?page_id=4570\">Read More &rarr;<\/a><\/p>\n","protected":false},"author":9,"featured_media":0,"parent":0,"menu_order":0,"comment_status":"closed","ping_status":"closed","template":"","meta":{"_exactmetrics_skip_tracking":false,"_exactmetrics_sitenote_active":false,"_exactmetrics_sitenote_note":"","_exactmetrics_sitenote_category":0,"footnotes":""},"class_list":["entry","page","publish","author-leticia_carneiro","post-4570"],"_links":{"self":[{"href":"https:\/\/memoriaferroviaria.assis.unesp.br\/index.php?rest_route=\/wp\/v2\/pages\/4570","targetHints":{"allow":["GET"]}}],"collection":[{"href":"https:\/\/memoriaferroviaria.assis.unesp.br\/index.php?rest_route=\/wp\/v2\/pages"}],"about":[{"href":"https:\/\/memoriaferroviaria.assis.unesp.br\/index.php?rest_route=\/wp\/v2\/types\/page"}],"author":[{"embeddable":true,"href":"https:\/\/memoriaferroviaria.assis.unesp.br\/index.php?rest_route=\/wp\/v2\/users\/9"}],"replies":[{"embeddable":true,"href":"https:\/\/memoriaferroviaria.assis.unesp.br\/index.php?rest_route=%2Fwp%2Fv2%2Fcomments&post=4570"}],"version-history":[{"count":2,"href":"https:\/\/memoriaferroviaria.assis.unesp.br\/index.php?rest_route=\/wp\/v2\/pages\/4570\/revisions"}],"predecessor-version":[{"id":4588,"href":"https:\/\/memoriaferroviaria.assis.unesp.br\/index.php?rest_route=\/wp\/v2\/pages\/4570\/revisions\/4588"}],"wp:attachment":[{"href":"https:\/\/memoriaferroviaria.assis.unesp.br\/index.php?rest_route=%2Fwp%2Fv2%2Fmedia&parent=4570"}],"curies":[{"name":"wp","href":"https:\/\/api.w.org\/{rel}","templated":true}]}}